Last updated on 2025-07-19 21:49:30 CEST.
Flavor | Version | Tinstall | Tcheck | Ttotal | Status | Flags |
---|---|---|---|---|---|---|
r-devel-linux-x86_64-debian-clang | 1.1 | 42.08 | 65.11 | 107.19 | OK | |
r-devel-linux-x86_64-debian-gcc | 1.1 | 34.73 | 47.69 | 82.42 | OK | |
r-devel-linux-x86_64-fedora-clang | 1.1 | 169.69 | OK | |||
r-devel-linux-x86_64-fedora-gcc | 1.1 | 196.03 | OK | |||
r-devel-windows-x86_64 | 1.1 | 47.00 | 106.00 | 153.00 | OK | |
r-patched-linux-x86_64 | 1.1 | 48.07 | 62.45 | 110.52 | OK | |
r-release-linux-x86_64 | 1.1 | 48.96 | 63.07 | 112.03 | OK | |
r-release-macos-arm64 | 1.1 | 53.00 | OK | |||
r-release-macos-x86_64 | 1.1 | 100.00 | OK | |||
r-release-windows-x86_64 | 1.1 | 51.00 | 101.00 | 152.00 | OK | |
r-oldrel-macos-arm64 | 1.1 | 55.00 | NOTE | |||
r-oldrel-macos-x86_64 | 1.1 | 106.00 | NOTE | |||
r-oldrel-windows-x86_64 | 1.1 | 55.00 | 123.00 | 178.00 | OK |
Version: 1.1
Check: installed package size
Result: NOTE
installed size is 10.4Mb
sub-directories of 1Mb or more:
libs 10.1Mb
Flavors: r-oldrel-macos-arm64, r-oldrel-macos-x86_64
These binaries (installable software) and packages are in development.
They may not be fully stable and should be used with caution. We make no claims about them.