Last updated on 2025-11-11 15:50:27 CET.
| Flavor | Version | Tinstall | Tcheck | Ttotal | Status | Flags |
|---|---|---|---|---|---|---|
| r-devel-linux-x86_64-debian-clang | 1.1 | 46.94 | 75.01 | 121.95 | OK | |
| r-devel-linux-x86_64-debian-gcc | 1.1 | 37.42 | 54.29 | 91.71 | OK | |
| r-devel-linux-x86_64-fedora-clang | 1.1 | 100.00 | 89.09 | 189.09 | OK | |
| r-devel-linux-x86_64-fedora-gcc | 1.1 | 107.00 | 101.89 | 208.89 | OK | |
| r-devel-windows-x86_64 | 1.1 | 49.00 | 105.00 | 154.00 | OK | |
| r-patched-linux-x86_64 | 1.1 | 49.18 | 72.24 | 121.42 | OK | |
| r-release-linux-x86_64 | 1.1 | 51.01 | 72.46 | 123.47 | OK | |
| r-release-macos-arm64 | 1.1 | 22.00 | 31.00 | 53.00 | OK | |
| r-release-macos-x86_64 | 1.1 | 42.00 | 58.00 | 100.00 | OK | |
| r-release-windows-x86_64 | 1.1 | 51.00 | 111.00 | 162.00 | OK | |
| r-oldrel-macos-arm64 | 1.1 | 19.00 | 36.00 | 55.00 | NOTE | |
| r-oldrel-macos-x86_64 | 1.1 | 42.00 | 64.00 | 106.00 | NOTE | |
| r-oldrel-windows-x86_64 | 1.1 | 60.00 | 132.00 | 192.00 | OK |
Version: 1.1
Check: installed package size
Result: NOTE
installed size is 10.4Mb
sub-directories of 1Mb or more:
libs 10.1Mb
Flavors: r-oldrel-macos-arm64, r-oldrel-macos-x86_64
These binaries (installable software) and packages are in development.
They may not be fully stable and should be used with caution. We make no claims about them.