Last updated on 2025-02-19 16:50:41 CET.
Flavor | Version | Tinstall | Tcheck | Ttotal | Status | Flags |
---|---|---|---|---|---|---|
r-devel-linux-x86_64-debian-clang | 1.0.1 | 2.40 | 23.72 | 26.12 | OK | |
r-devel-linux-x86_64-debian-gcc | 1.0.1 | 1.94 | 20.21 | 22.15 | OK | |
r-devel-linux-x86_64-fedora-clang | 1.0.1 | 41.23 | OK | |||
r-devel-linux-x86_64-fedora-gcc | 1.0.1 | 40.18 | OK | |||
r-devel-macos-arm64 | 1.0.1 | 22.00 | OK | |||
r-devel-macos-x86_64 | 1.0.1 | 31.00 | OK | |||
r-devel-windows-x86_64 | 1.0.1 | 3.00 | 45.00 | 48.00 | OK | |
r-patched-linux-x86_64 | 1.0.1 | 2.39 | 22.65 | 25.04 | OK | |
r-release-linux-x86_64 | 1.0.1 | 2.42 | 22.80 | 25.22 | OK | |
r-release-macos-arm64 | 1.0.1 | 24.00 | OK | |||
r-release-macos-x86_64 | 1.0.1 | 40.00 | OK | |||
r-release-windows-x86_64 | 1.0.1 | 3.00 | 3.00 | 6.00 | FAIL | |
r-oldrel-macos-arm64 | 1.0.1 | 36.00 | OK | |||
r-oldrel-macos-x86_64 | 1.0.1 | 47.00 | OK | |||
r-oldrel-windows-x86_64 | 1.0.1 | 3.00 | 45.00 | 48.00 | OK |
Version: 1.0.1
Check: package dependencies
Result: FAIL
Flavor: r-release-windows-x86_64
These binaries (installable software) and packages are in development.
They may not be fully stable and should be used with caution. We make no claims about them.