Last updated on 2025-10-09 17:50:31 CEST.
Flavor | Version | Tinstall | Tcheck | Ttotal | Status | Flags |
---|---|---|---|---|---|---|
r-devel-linux-x86_64-debian-clang | 0.9.6 | 232.89 | 797.61 | 1030.50 | OK | |
r-devel-linux-x86_64-debian-gcc | 0.9.7 | 197.37 | 443.51 | 640.88 | OK | |
r-devel-linux-x86_64-fedora-clang | 0.9.7 | 1360.44 | OK | |||
r-devel-linux-x86_64-fedora-gcc | 0.9.7 | 1586.21 | OK | |||
r-devel-windows-x86_64 | 0.9.7 | 203.00 | 590.00 | 793.00 | OK | |
r-patched-linux-x86_64 | 0.9.7 | 282.68 | 647.06 | 929.74 | OK | |
r-release-linux-x86_64 | 0.9.6 | 253.82 | 779.60 | 1033.42 | OK | |
r-release-macos-arm64 | 0.9.7 | 403.00 | OK | |||
r-release-macos-x86_64 | 0.9.7 | 831.00 | OK | |||
r-release-windows-x86_64 | 0.9.6 | 214.00 | 732.00 | 946.00 | OK | |
r-oldrel-macos-arm64 | 0.9.7 | 400.00 | NOTE | |||
r-oldrel-macos-x86_64 | 0.9.7 | 904.00 | NOTE | |||
r-oldrel-windows-x86_64 | 0.9.7 | 184.00 | 649.00 | 833.00 | NOTE |
Version: 0.9.7
Check: installed package size
Result: NOTE
installed size is 104.6Mb
sub-directories of 1Mb or more:
doc 5.7Mb
libs 97.1Mb
Flavors: r-oldrel-macos-arm64, r-oldrel-macos-x86_64, r-oldrel-windows-x86_64
These binaries (installable software) and packages are in development.
They may not be fully stable and should be used with caution. We make no claims about them.