CRAN Package Check Results for Package bagged.outliertrees

Last updated on 2025-11-12 18:50:27 CET.

Flavor Version Tinstall Tcheck Ttotal Status Flags
r-devel-linux-x86_64-debian-clang 1.0.0 4.36 42.31 46.67 NOTE
r-devel-linux-x86_64-debian-gcc 1.0.0 3.62 31.70 35.32 NOTE
r-devel-linux-x86_64-fedora-clang 1.0.0 14.00 58.99 72.99 OK
r-devel-linux-x86_64-fedora-gcc 1.0.0 12.00 55.56 67.56 OK
r-devel-windows-x86_64 1.0.0 7.00 68.00 75.00 OK
r-patched-linux-x86_64 1.0.0 5.22 38.75 43.97 OK
r-release-linux-x86_64 1.0.0 4.47 39.45 43.92 OK
r-release-macos-arm64 1.0.0 3.00 35.00 38.00 OK
r-release-macos-x86_64 1.0.0 4.00 47.00 51.00 OK
r-release-windows-x86_64 1.0.0 7.00 66.00 73.00 OK
r-oldrel-macos-arm64 1.0.0 3.00 31.00 34.00 OK
r-oldrel-macos-x86_64 1.0.0 4.00 38.00 42.00 OK
r-oldrel-windows-x86_64 1.0.0 9.00 79.00 88.00 OK

Check Details

Version: 1.0.0
Check: CRAN incoming feasibility
Result: NOTE Maintainer: ‘Rafael Santos <rafael.jpsantos@outlook.com>’ The Description field contains <arXiv:2001.00636>. Please refer to arXiv e-prints via their arXiv DOI <doi:10.48550/arXiv.YYMM.NNNNN>. Flavors: r-devel-linux-x86_64-debian-clang, r-devel-linux-x86_64-debian-gcc

These binaries (installable software) and packages are in development.
They may not be fully stable and should be used with caution. We make no claims about them.