Last updated on 2025-07-02 03:50:36 CEST.
Flavor | Version | Tinstall | Tcheck | Ttotal | Status | Flags |
---|---|---|---|---|---|---|
r-devel-linux-x86_64-debian-clang | 0.7.11 | 685.17 | 278.72 | 963.89 | OK | |
r-devel-linux-x86_64-debian-gcc | 0.7.11 | 638.07 | 242.81 | 880.88 | OK | |
r-devel-linux-x86_64-fedora-clang | 0.7.11 | 1463.33 | OK | |||
r-devel-linux-x86_64-fedora-gcc | 0.7.11 | 1949.28 | OK | |||
r-devel-windows-x86_64 | 0.7.11 | 720.00 | 368.00 | 1088.00 | OK | |
r-patched-linux-x86_64 | OK | |||||
r-release-linux-x86_64 | 0.7.11 | 731.95 | 338.19 | 1070.14 | OK | |
r-release-macos-arm64 | 0.7.11 | 324.00 | OK | |||
r-release-macos-x86_64 | 0.7.11 | 481.00 | OK | |||
r-release-windows-x86_64 | 0.7.11 | 692.00 | 371.00 | 1063.00 | OK | |
r-oldrel-macos-arm64 | 0.7.11 | 465.00 | NOTE | |||
r-oldrel-macos-x86_64 | 0.7.11 | 428.00 | NOTE | |||
r-oldrel-windows-x86_64 | 0.7.11 | 778.00 | 460.00 | 1238.00 | NOTE |
Version: 0.7.11
Check: installed package size
Result: NOTE
installed size is 134.4Mb
sub-directories of 1Mb or more:
libs 132.6Mb
Flavors: r-oldrel-macos-arm64, r-oldrel-macos-x86_64, r-oldrel-windows-x86_64
Version: 0.7.11
Check: for GNU extensions in Makefiles
Result: NOTE
GNU make is a SystemRequirements.
Flavors: r-oldrel-macos-arm64, r-oldrel-macos-x86_64
These binaries (installable software) and packages are in development.
They may not be fully stable and should be used with caution. We make no claims about them.