Last updated on 2025-05-21 23:48:37 CEST.
Flavor | Version | Tinstall | Tcheck | Ttotal | Status | Flags |
---|---|---|---|---|---|---|
r-devel-linux-x86_64-debian-clang | 1.1.0 | 13.16 | 149.78 | 162.94 | OK | |
r-devel-linux-x86_64-debian-gcc | 1.1.0 | 9.94 | 104.61 | 114.55 | OK | |
r-devel-linux-x86_64-fedora-clang | 1.1.0 | 257.14 | ERROR | |||
r-devel-linux-x86_64-fedora-gcc | 1.1.0 | 248.26 | OK | |||
r-devel-windows-x86_64 | 1.1.0 | 17.00 | 159.00 | 176.00 | OK | |
r-patched-linux-x86_64 | 1.1.0 | 13.79 | 143.28 | 157.07 | OK | |
r-release-linux-x86_64 | 1.1.0 | 13.41 | 139.74 | 153.15 | OK | |
r-release-macos-arm64 | 1.1.0 | 62.00 | OK | |||
r-release-macos-x86_64 | 1.1.0 | 178.00 | OK | |||
r-release-windows-x86_64 | 1.1.0 | 15.00 | 157.00 | 172.00 | OK | |
r-oldrel-macos-arm64 | 1.1.0 | 75.00 | OK | |||
r-oldrel-macos-x86_64 | 1.1.0 | 125.00 | OK | |||
r-oldrel-windows-x86_64 | 1.1.0 | 22.00 | 172.00 | 194.00 | OK |
Version: 1.1.0
Check: PDF version of manual
Result: WARN
LaTeX errors when creating PDF version.
This typically indicates Rd problems.
Flavor: r-devel-linux-x86_64-fedora-clang
Version: 1.1.0
Check: PDF version of manual without index
Result: ERROR
Re-running with no redirection of stdout/stderr.
Flavor: r-devel-linux-x86_64-fedora-clang
Version: 1.1.0
Check: for non-standard things in the check directory
Result: NOTE
Found the following files/directories:
‘baguette-manual.tex’
Flavor: r-devel-linux-x86_64-fedora-clang
These binaries (installable software) and packages are in development.
They may not be fully stable and should be used with caution. We make no claims about them.