Last updated on 2025-02-16 12:53:29 CET.
Flavor | Version | Tinstall | Tcheck | Ttotal | Status | Flags |
---|---|---|---|---|---|---|
r-devel-linux-x86_64-debian-clang | 0.1.1 | 1.67 | 33.47 | 35.14 | NOTE | |
r-devel-linux-x86_64-debian-gcc | 0.1.1 | 1.52 | 26.89 | 28.41 | NOTE | |
r-devel-linux-x86_64-fedora-clang | 0.1.1 | 58.42 | NOTE | |||
r-devel-linux-x86_64-fedora-gcc | 0.1.1 | 68.36 | NOTE | |||
r-devel-macos-arm64 | 0.1.1 | 28.00 | OK | |||
r-devel-macos-x86_64 | 0.1.1 | 86.00 | NOTE | |||
r-devel-windows-x86_64 | 0.1.1 | 3.00 | 52.00 | 55.00 | NOTE | |
r-patched-linux-x86_64 | 0.1.1 | 1.65 | 31.55 | 33.20 | OK | |
r-release-linux-x86_64 | 0.1.1 | 1.56 | 31.73 | 33.29 | OK | |
r-release-macos-arm64 | 0.1.1 | 32.00 | OK | |||
r-release-macos-x86_64 | 0.1.1 | 44.00 | OK | |||
r-release-windows-x86_64 | 0.1.1 | 4.00 | 54.00 | 58.00 | OK | |
r-oldrel-macos-arm64 | 0.1.1 | 59.00 | OK | |||
r-oldrel-macos-x86_64 | 0.1.1 | 112.00 | OK | |||
r-oldrel-windows-x86_64 | 0.1.1 | 4.00 | 57.00 | 61.00 | OK |
Version: 0.1.1
Check: DESCRIPTION meta-information
Result: NOTE
Missing dependency on R >= 4.1.0 because package code uses the pipe
|> or function shorthand \(...) syntax added in R 4.1.0.
File(s) using such syntax:
‘get_cyclone.R’
Flavors: r-devel-linux-x86_64-debian-clang, r-devel-linux-x86_64-debian-gcc, r-devel-linux-x86_64-fedora-clang, r-devel-linux-x86_64-fedora-gcc, r-devel-macos-x86_64, r-devel-windows-x86_64
These binaries (installable software) and packages are in development.
They may not be fully stable and should be used with caution. We make no claims about them.