CRAN Package Check Results for Package bagyo

Last updated on 2025-07-27 01:48:16 CEST.

Flavor Version Tinstall Tcheck Ttotal Status Flags
r-devel-linux-x86_64-debian-clang 0.1.1 1.62 36.11 37.73 NOTE
r-devel-linux-x86_64-debian-gcc 0.1.1 1.34 28.49 29.83 NOTE
r-devel-linux-x86_64-fedora-clang 0.1.1 56.47 NOTE
r-devel-linux-x86_64-fedora-gcc 0.1.1 67.18 NOTE
r-devel-windows-x86_64 0.1.1 4.00 64.00 68.00 NOTE
r-patched-linux-x86_64 0.1.1 1.66 32.69 34.35 NOTE
r-release-linux-x86_64 0.1.1 1.46 33.12 34.58 NOTE
r-release-macos-arm64 0.1.1 28.00 NOTE
r-release-macos-x86_64 0.1.1 83.00 NOTE
r-release-windows-x86_64 0.1.1 3.00 53.00 56.00 NOTE
r-oldrel-macos-arm64 0.1.1 32.00 OK
r-oldrel-macos-x86_64 0.1.1 44.00 OK
r-oldrel-windows-x86_64 0.1.1 3.00 63.00 66.00 OK

Check Details

Version: 0.1.1
Check: DESCRIPTION meta-information
Result: NOTE Missing dependency on R >= 4.1.0 because package code uses the pipe |> or function shorthand \(...) syntax added in R 4.1.0. File(s) using such syntax: ‘get_cyclone.R’ Flavors: r-devel-linux-x86_64-debian-clang, r-devel-linux-x86_64-debian-gcc, r-devel-linux-x86_64-fedora-clang, r-devel-linux-x86_64-fedora-gcc, r-devel-windows-x86_64, r-patched-linux-x86_64, r-release-linux-x86_64, r-release-macos-arm64, r-release-macos-x86_64, r-release-windows-x86_64

These binaries (installable software) and packages are in development.
They may not be fully stable and should be used with caution. We make no claims about them.