Last updated on 2025-10-23 17:50:42 CEST.
Flavor | Version | Tinstall | Tcheck | Ttotal | Status | Flags |
---|---|---|---|---|---|---|
r-devel-linux-x86_64-debian-clang | 0.2.11 | 7.71 | 403.24 | 410.95 | NOTE | |
r-devel-linux-x86_64-debian-gcc | 0.2.11 | 4.82 | 186.19 | 191.01 | NOTE | |
r-devel-linux-x86_64-fedora-clang | 0.2.11 | 15.00 | 410.59 | 425.59 | OK | |
r-devel-linux-x86_64-fedora-gcc | 0.2.11 | 17.00 | 412.47 | 429.47 | OK | |
r-devel-windows-x86_64 | 0.2.11 | 11.00 | 411.00 | 422.00 | OK | |
r-patched-linux-x86_64 | 0.2.11 | 6.72 | 231.17 | 237.89 | OK | |
r-release-linux-x86_64 | 0.2.11 | 6.03 | 231.63 | 237.66 | OK | |
r-release-macos-arm64 | 0.2.11 | 7.00 | 191.00 | 198.00 | OK | |
r-release-macos-x86_64 | 0.2.11 | 12.00 | 341.00 | 353.00 | OK | |
r-release-windows-x86_64 | 0.2.11 | 11.00 | 418.00 | 429.00 | OK | |
r-oldrel-macos-arm64 | 0.2.11 | 5.00 | 188.00 | 193.00 | OK | |
r-oldrel-macos-x86_64 | 0.2.11 | 11.00 | 412.00 | 423.00 | OK | |
r-oldrel-windows-x86_64 | 0.2.11 | 11.00 | 505.00 | 516.00 | OK |
Version: 0.2.11
Check: CRAN incoming feasibility
Result: NOTE
Maintainer: ‘Caspar J van Lissa <c.j.vanlissa@tilburguniversity.edu>’
The BugReports field in DESCRIPTION has
https://github.com/cjvanlissa/bain/
which should likely be
https://github.com/cjvanlissa/bain/issues
instead.
Flavors: r-devel-linux-x86_64-debian-clang, r-devel-linux-x86_64-debian-gcc
These binaries (installable software) and packages are in development.
They may not be fully stable and should be used with caution. We make no claims about them.