Last updated on 2024-07-27 15:50:11 CEST.
Flavor | Version | Tinstall | Tcheck | Ttotal | Status | Flags |
---|---|---|---|---|---|---|
r-devel-linux-x86_64-debian-clang | 1.0.1 | 815.52 | 608.33 | 1423.85 | OK | |
r-devel-linux-x86_64-debian-gcc | 1.0.1 | OK | ||||
r-devel-linux-x86_64-fedora-clang | 1.0.1 | 1783.76 | NOTE | |||
r-devel-linux-x86_64-fedora-gcc | 1.0.1 | 2208.74 | NOTE | |||
r-devel-windows-x86_64 | 1.0.1 | 587.00 | 534.00 | 1121.00 | NOTE | |
r-patched-linux-x86_64 | 1.0.1 | ERROR | ||||
r-release-linux-x86_64 | 1.0.1 | 0.01 | 3.17 | 3.18 | ERROR | |
r-release-macos-arm64 | 1.0.1 | 433.00 | NOTE | |||
r-release-macos-x86_64 | 1.0.1 | 548.00 | NOTE | |||
r-release-windows-x86_64 | 1.0.1 | 590.00 | 541.00 | 1131.00 | NOTE | |
r-oldrel-macos-arm64 | 1.0.1 | 409.00 | NOTE | |||
r-oldrel-macos-x86_64 | 1.0.1 | 601.00 | NOTE | |||
r-oldrel-windows-x86_64 | 1.0.1 | 747.00 | 629.00 | 1376.00 | NOTE |
Version: 1.0.1
Check: installed package size
Result: NOTE
installed size is 9.5Mb
sub-directories of 1Mb or more:
libs 7.7Mb
Flavors: r-devel-linux-x86_64-fedora-clang, r-devel-windows-x86_64, r-release-macos-arm64, r-release-macos-x86_64, r-release-windows-x86_64, r-oldrel-macos-arm64, r-oldrel-macos-x86_64, r-oldrel-windows-x86_64
Version: 1.0.1
Check: dependencies in R code
Result: NOTE
Namespaces in Imports field not imported from:
‘RcppParallel’ ‘rstantools’
All declared Imports should be used.
Flavors: r-devel-linux-x86_64-fedora-clang, r-devel-linux-x86_64-fedora-gcc
Version: 1.0.1
Check: for GNU extensions in Makefiles
Result: NOTE
GNU make is a SystemRequirements.
Flavors: r-devel-linux-x86_64-fedora-clang, r-devel-linux-x86_64-fedora-gcc, r-release-macos-arm64, r-release-macos-x86_64, r-oldrel-macos-arm64, r-oldrel-macos-x86_64
Version: 1.0.1
Check: whether package can be installed
Result: ERROR
Installation failed.
Flavors: r-patched-linux-x86_64, r-release-linux-x86_64
These binaries (installable software) and packages are in development.
They may not be fully stable and should be used with caution. We make no claims about them.