Last updated on 2024-06-22 21:47:15 CEST.
Flavor | Version | Tinstall | Tcheck | Ttotal | Status | Flags |
---|---|---|---|---|---|---|
r-devel-linux-x86_64-debian-clang | 1.2-4 | 79.47 | 462.27 | 541.74 | OK | |
r-devel-linux-x86_64-debian-gcc | 1.2-4 | 73.12 | 318.54 | 391.66 | OK | |
r-devel-linux-x86_64-fedora-clang | 1.2-4 | 680.85 | NOTE | |||
r-devel-linux-x86_64-fedora-gcc | 1.2-4 | 653.51 | OK | |||
r-devel-windows-x86_64 | 1.2-4 | 73.00 | 296.00 | 369.00 | NOTE | |
r-patched-linux-x86_64 | 1.2-4 | 96.62 | 452.79 | 549.41 | OK | |
r-release-linux-x86_64 | 1.2-4 | 77.89 | 446.58 | 524.47 | OK | |
r-release-macos-arm64 | 1.2-4 | 144.00 | NOTE | |||
r-release-macos-x86_64 | 1.2-4 | 322.00 | NOTE | |||
r-release-windows-x86_64 | 1.2-4 | 74.00 | 299.00 | 373.00 | OK | |
r-oldrel-macos-arm64 | 1.2-4 | 142.00 | NOTE | |||
r-oldrel-macos-x86_64 | 1.2-4 | 402.00 | NOTE | |||
r-oldrel-windows-x86_64 | 1.2-4 | 98.00 | 387.00 | 485.00 | OK |
Version: 1.2-4
Check: Rd cross-references
Result: NOTE
Undeclared package ‘akima’ in Rd xrefs
Flavor: r-devel-linux-x86_64-fedora-clang
Version: 1.2-4
Check: compiled code
Result: NOTE
File 'bamlss/libs/x64/bamlss.dll':
Found non-API call to R: 'SET_TYPEOF'
Compiled code should not call non-API entry points in R.
See 'Writing portable packages' in the 'Writing R Extensions' manual.
Flavor: r-devel-windows-x86_64
Version: 1.2-4
Check: installed package size
Result: NOTE
installed size is 5.1Mb
sub-directories of 1Mb or more:
R 3.0Mb
Flavors: r-release-macos-arm64, r-release-macos-x86_64, r-oldrel-macos-arm64, r-oldrel-macos-x86_64
These binaries (installable software) and packages are in development.
They may not be fully stable and should be used with caution. We make no claims about them.