Last updated on 2025-11-12 23:50:38 CET.
| Flavor | Version | Tinstall | Tcheck | Ttotal | Status | Flags |
|---|---|---|---|---|---|---|
| r-devel-linux-x86_64-debian-clang | 1.2-5 | 70.84 | 353.42 | 424.26 | OK | |
| r-devel-linux-x86_64-debian-gcc | 1.2-5 | 48.00 | 216.78 | 264.78 | OK | |
| r-devel-linux-x86_64-fedora-clang | 1.2-5 | 384.00 | 365.05 | 749.05 | OK | |
| r-devel-linux-x86_64-fedora-gcc | 1.2-5 | 149.00 | 528.09 | 677.09 | OK | |
| r-devel-windows-x86_64 | 1.2-5 | 73.00 | 308.00 | 381.00 | OK | |
| r-patched-linux-x86_64 | 1.2-5 | 76.34 | 339.88 | 416.22 | OK | |
| r-release-linux-x86_64 | 1.2-5 | 72.83 | 338.00 | 410.83 | OK | |
| r-release-macos-arm64 | 1.2-5 | 32.00 | 131.00 | 163.00 | OK | |
| r-release-macos-x86_64 | 1.2-5 | 77.00 | 553.00 | 630.00 | OK | |
| r-release-windows-x86_64 | 1.2-5 | 73.00 | 299.00 | 372.00 | OK | |
| r-oldrel-macos-arm64 | 1.2-5 | 30.00 | 97.00 | 127.00 | NOTE | |
| r-oldrel-macos-x86_64 | 1.2-5 | 100.00 | 238.00 | 338.00 | NOTE | |
| r-oldrel-windows-x86_64 | 1.2-5 | 106.00 | 413.00 | 519.00 | OK |
Version: 1.2-5
Check: installed package size
Result: NOTE
installed size is 5.2Mb
sub-directories of 1Mb or more:
R 3.0Mb
Flavors: r-oldrel-macos-arm64, r-oldrel-macos-x86_64
These binaries (installable software) and packages are in development.
They may not be fully stable and should be used with caution. We make no claims about them.