Last updated on 2025-05-01 14:49:04 CEST.
Flavor | Version | Tinstall | Tcheck | Ttotal | Status | Flags |
---|---|---|---|---|---|---|
r-devel-linux-x86_64-debian-clang | 1.2-5 | 75.16 | 347.37 | 422.53 | OK | |
r-devel-linux-x86_64-debian-gcc | 1.2-5 | 46.57 | 213.87 | 260.44 | OK | |
r-devel-linux-x86_64-fedora-clang | 1.2-5 | 745.63 | OK | |||
r-devel-linux-x86_64-fedora-gcc | 1.2-5 | 717.20 | OK | |||
r-devel-windows-x86_64 | 1.2-5 | 74.00 | 308.00 | 382.00 | OK | |
r-patched-linux-x86_64 | 1.2-5 | 74.25 | 332.58 | 406.83 | OK | |
r-release-linux-x86_64 | OK | |||||
r-release-macos-arm64 | 1.2-5 | 163.00 | OK | |||
r-release-macos-x86_64 | 1.2-5 | 630.00 | OK | |||
r-release-windows-x86_64 | 1.2-5 | 78.00 | 312.00 | 390.00 | OK | |
r-oldrel-macos-arm64 | 1.2-5 | 127.00 | NOTE | |||
r-oldrel-macos-x86_64 | 1.2-5 | 338.00 | NOTE | |||
r-oldrel-windows-x86_64 | 1.2-5 | 98.00 | 425.00 | 523.00 | OK |
Version: 1.2-5
Check: installed package size
Result: NOTE
installed size is 5.2Mb
sub-directories of 1Mb or more:
R 3.0Mb
Flavors: r-oldrel-macos-arm64, r-oldrel-macos-x86_64
These binaries (installable software) and packages are in development.
They may not be fully stable and should be used with caution. We make no claims about them.