Last updated on 2025-07-23 11:50:17 CEST.
Flavor | Version | Tinstall | Tcheck | Ttotal | Status | Flags |
---|---|---|---|---|---|---|
r-devel-linux-x86_64-debian-clang | 1.2-5 | 72.05 | 354.61 | 426.66 | OK | |
r-devel-linux-x86_64-debian-gcc | 1.2-5 | 46.30 | 210.90 | 257.20 | OK | |
r-devel-linux-x86_64-fedora-clang | OK | |||||
r-devel-linux-x86_64-fedora-gcc | 1.2-5 | 701.50 | OK | |||
r-devel-windows-x86_64 | 1.2-5 | 77.00 | 302.00 | 379.00 | OK | |
r-patched-linux-x86_64 | 1.2-5 | 72.62 | 331.59 | 404.21 | OK | |
r-release-linux-x86_64 | 1.2-5 | 67.32 | 330.92 | 398.24 | OK | |
r-release-macos-arm64 | 1.2-5 | 163.00 | OK | |||
r-release-macos-x86_64 | 1.2-5 | 630.00 | OK | |||
r-release-windows-x86_64 | 1.2-5 | 76.00 | 300.00 | 376.00 | OK | |
r-oldrel-macos-arm64 | 1.2-5 | 127.00 | NOTE | |||
r-oldrel-macos-x86_64 | 1.2-5 | 338.00 | NOTE | |||
r-oldrel-windows-x86_64 | 1.2-5 | 105.00 | 404.00 | 509.00 | OK |
Version: 1.2-5
Check: installed package size
Result: NOTE
installed size is 5.2Mb
sub-directories of 1Mb or more:
R 3.0Mb
Flavors: r-oldrel-macos-arm64, r-oldrel-macos-x86_64
These binaries (installable software) and packages are in development.
They may not be fully stable and should be used with caution. We make no claims about them.