Last updated on 2025-02-19 16:50:41 CET.
Flavor | Version | Tinstall | Tcheck | Ttotal | Status | Flags |
---|---|---|---|---|---|---|
r-devel-linux-x86_64-debian-clang | 0.5.0 | 57.50 | 438.79 | 496.29 | OK | |
r-devel-linux-x86_64-debian-gcc | 0.5.0 | 39.38 | 265.54 | 304.92 | OK | |
r-devel-linux-x86_64-fedora-clang | 0.5.0 | 811.40 | NOTE | |||
r-devel-linux-x86_64-fedora-gcc | 0.5.0 | 819.94 | NOTE | |||
r-devel-macos-arm64 | 0.5.0 | 244.00 | OK | |||
r-devel-macos-x86_64 | 0.5.0 | 677.00 | OK | |||
r-devel-windows-x86_64 | 0.5.0 | 59.00 | 431.00 | 490.00 | OK | |
r-patched-linux-x86_64 | 0.5.0 | 56.84 | 399.81 | 456.65 | OK | |
r-release-linux-x86_64 | 0.5.0 | 53.08 | 397.40 | 450.48 | OK | |
r-release-macos-arm64 | 0.5.0 | 244.00 | OK | |||
r-release-macos-x86_64 | 0.5.0 | 711.00 | OK | |||
r-release-windows-x86_64 | 0.5.0 | 57.00 | 438.00 | 495.00 | OK | |
r-oldrel-macos-arm64 | 0.5.0 | 284.00 | OK | |||
r-oldrel-macos-x86_64 | 0.5.0 | 520.00 | OK | |||
r-oldrel-windows-x86_64 | 0.5.0 | 80.00 | 578.00 | 658.00 | OK |
Version: 0.5.0
Check: dependencies in R code
Result: NOTE
Namespaces in Imports field not imported from:
‘crosstalk’ ‘plotly’
All declared Imports should be used.
Flavors: r-devel-linux-x86_64-fedora-clang, r-devel-linux-x86_64-fedora-gcc
These binaries (installable software) and packages are in development.
They may not be fully stable and should be used with caution. We make no claims about them.