Last updated on 2025-05-08 04:51:59 CEST.
Flavor | Version | Tinstall | Tcheck | Ttotal | Status | Flags |
---|---|---|---|---|---|---|
r-devel-linux-x86_64-debian-clang | 0.5.0 | 58.56 | 453.37 | 511.93 | OK | |
r-devel-linux-x86_64-debian-gcc | 0.5.0 | 39.61 | 276.50 | 316.11 | OK | |
r-devel-linux-x86_64-fedora-clang | 0.5.0 | 825.02 | NOTE | |||
r-devel-linux-x86_64-fedora-gcc | 0.5.0 | 830.05 | NOTE | |||
r-devel-windows-x86_64 | 0.5.0 | 59.00 | 442.00 | 501.00 | OK | |
r-patched-linux-x86_64 | 0.5.0 | 58.56 | 408.65 | 467.21 | OK | |
r-release-linux-x86_64 | 0.5.0 | 56.61 | 412.43 | 469.04 | OK | |
r-release-macos-arm64 | 0.5.0 | 236.00 | OK | |||
r-release-macos-x86_64 | 0.5.0 | 769.00 | OK | |||
r-release-windows-x86_64 | 0.5.0 | 60.00 | 447.00 | 507.00 | OK | |
r-oldrel-macos-arm64 | 0.5.0 | 244.00 | OK | |||
r-oldrel-macos-x86_64 | 0.5.0 | 711.00 | OK | |||
r-oldrel-windows-x86_64 | 0.5.0 | 85.00 | 605.00 | 690.00 | OK |
Version: 0.5.0
Check: dependencies in R code
Result: NOTE
Namespaces in Imports field not imported from:
‘crosstalk’ ‘plotly’
All declared Imports should be used.
Flavors: r-devel-linux-x86_64-fedora-clang, r-devel-linux-x86_64-fedora-gcc
These binaries (installable software) and packages are in development.
They may not be fully stable and should be used with caution. We make no claims about them.