Last updated on 2025-10-23 15:49:47 CEST.
Flavor | Version | Tinstall | Tcheck | Ttotal | Status | Flags |
---|---|---|---|---|---|---|
r-devel-linux-x86_64-debian-clang | 2.1.3 | 13.22 | 36.38 | 49.60 | NOTE | |
r-devel-linux-x86_64-debian-gcc | 2.1.3 | 8.91 | 28.12 | 37.03 | NOTE | |
r-devel-linux-x86_64-fedora-clang | 2.1.3 | 34.00 | 51.04 | 85.04 | OK | |
r-devel-linux-x86_64-fedora-gcc | 2.1.3 | 29.00 | 62.80 | 91.80 | OK | |
r-devel-windows-x86_64 | 2.1.3 | 19.00 | 61.00 | 80.00 | OK | |
r-patched-linux-x86_64 | 2.1.3 | 12.06 | 34.89 | 46.95 | OK | |
r-release-linux-x86_64 | 2.1.3 | 12.54 | 34.90 | 47.44 | OK | |
r-release-macos-arm64 | 2.1.3 | 7.00 | 28.00 | 35.00 | OK | |
r-release-macos-x86_64 | 2.1.3 | 15.00 | 56.00 | 71.00 | OK | |
r-release-windows-x86_64 | 2.1.3 | 19.00 | 63.00 | 82.00 | OK | |
r-oldrel-macos-arm64 | 2.1.3 | 7.00 | 32.00 | 39.00 | OK | |
r-oldrel-macos-x86_64 | 2.1.3 | 6.00 | 45.00 | 51.00 | OK | |
r-oldrel-windows-x86_64 | 2.1.3 | 24.00 | 67.00 | 91.00 | OK |
Version: 2.1.3
Check: CRAN incoming feasibility
Result: NOTE
Maintainer: ‘Volker Schmid <volker.schmid@lmu.de>’
Package CITATION file contains call(s) to old-style personList() or
as.personList(). Please use c() on person objects instead.
Package CITATION file contains call(s) to old-style citEntry(). Please
use bibentry() instead.
Flavors: r-devel-linux-x86_64-debian-clang, r-devel-linux-x86_64-debian-gcc
These binaries (installable software) and packages are in development.
They may not be fully stable and should be used with caution. We make no claims about them.