Last updated on 2025-05-01 08:52:27 CEST.
Flavor | Version | Tinstall | Tcheck | Ttotal | Status | Flags |
---|---|---|---|---|---|---|
r-devel-linux-x86_64-debian-clang | 1.0-1 | 76.58 | 154.90 | 231.48 | NOTE | |
r-devel-linux-x86_64-debian-gcc | 1.0-1 | 55.30 | 139.40 | 194.70 | NOTE | |
r-devel-linux-x86_64-fedora-clang | 1.0-1 | 328.16 | NOTE | |||
r-devel-linux-x86_64-fedora-gcc | 1.0-1 | 316.69 | NOTE | |||
r-devel-windows-x86_64 | 1.0-1 | 86.00 | 112.00 | 198.00 | OK | |
r-patched-linux-x86_64 | 1.0-1 | 75.57 | 116.91 | 192.48 | NOTE | |
r-release-linux-x86_64 | NOTE | |||||
r-release-macos-arm64 | 1.0-1 | 120.00 | OK | |||
r-release-macos-x86_64 | 1.0-1 | 137.00 | OK | |||
r-release-windows-x86_64 | 1.0-1 | 86.00 | 115.00 | 201.00 | OK | |
r-oldrel-macos-arm64 | 1.0-1 | 93.00 | NOTE | |||
r-oldrel-macos-x86_64 | 1.0-1 | 111.00 | NOTE | |||
r-oldrel-windows-x86_64 | 1.0-1 | 97.00 | 133.00 | 230.00 | OK |
Version: 1.0-1
Check: CRAN incoming feasibility
Result: NOTE
Maintainer: ‘Balasubramanian Narasimhan <naras@stanford.edu>’
The BugReports field in DESCRIPTION has
https://github.com/motiwari/BanditPAM
which should likely be
https://github.com/motiwari/BanditPAM/issues
instead.
Flavors: r-devel-linux-x86_64-debian-clang, r-devel-linux-x86_64-debian-gcc
Version: 1.0-1
Check: DESCRIPTION meta-information
Result: NOTE
Author field differs from that derived from Authors@R
Author: ‘Balasubramanian Narasimhan [aut, cre], Mo Tiwari [aut] (https://motiwari.com)’
Authors@R: ‘Balasubramanian Narasimhan [aut, cre], Mo Tiwari [aut] (website: https://motiwari.com)’
Flavors: r-devel-linux-x86_64-debian-clang, r-devel-linux-x86_64-debian-gcc
Version: 1.0-1
Check: top-level files
Result: NOTE
possible bashism in configure.ac line 53 (unsafe echo with backslash):
echo ' To use all CPU cores, you should install OpenMP by running\n '
Flavors: r-devel-linux-x86_64-debian-clang, r-devel-linux-x86_64-debian-gcc, r-devel-linux-x86_64-fedora-clang, r-devel-linux-x86_64-fedora-gcc, r-patched-linux-x86_64, r-release-linux-x86_64
Version: 1.0-1
Check: installed package size
Result: NOTE
installed size is 5.3Mb
sub-directories of 1Mb or more:
libs 5.0Mb
Flavors: r-oldrel-macos-arm64, r-oldrel-macos-x86_64
These binaries (installable software) and packages are in development.
They may not be fully stable and should be used with caution. We make no claims about them.