Last updated on 2025-02-16 10:50:42 CET.
Flavor | Version | Tinstall | Tcheck | Ttotal | Status | Flags |
---|---|---|---|---|---|---|
r-devel-linux-x86_64-debian-clang | 1.0.0 | 36.94 | 304.17 | 341.11 | OK | |
r-devel-linux-x86_64-debian-gcc | 1.0.0 | 25.17 | 196.68 | 221.85 | OK | |
r-devel-linux-x86_64-fedora-clang | 1.0.0 | 588.66 | OK | |||
r-devel-linux-x86_64-fedora-gcc | 1.0.0 | 520.03 | OK | |||
r-devel-macos-arm64 | 1.0.0 | 143.00 | OK | |||
r-devel-macos-x86_64 | 1.0.0 | 281.00 | OK | |||
r-devel-windows-x86_64 | 1.0.0 | 34.00 | 247.00 | 281.00 | OK | |
r-patched-linux-x86_64 | 1.0.0 | 35.57 | 275.03 | 310.60 | OK | |
r-release-linux-x86_64 | 1.0.0 | 34.91 | 280.47 | 315.38 | OK | |
r-release-macos-arm64 | 1.0.0 | 132.00 | NOTE | |||
r-release-macos-x86_64 | 1.0.0 | 227.00 | NOTE | |||
r-release-windows-x86_64 | 1.0.0 | 33.00 | 240.00 | 273.00 | NOTE | |
r-oldrel-macos-arm64 | 1.0.0 | 150.00 | NOTE | |||
r-oldrel-macos-x86_64 | 1.0.0 | 235.00 | NOTE | |||
r-oldrel-windows-x86_64 | 1.0.0 | 46.00 | 325.00 | 371.00 | NOTE |
Version: 1.0.0
Check: installed package size
Result: NOTE
installed size is 5.7Mb
sub-directories of 1Mb or more:
data 4.9Mb
Flavors: r-release-macos-arm64, r-release-macos-x86_64, r-release-windows-x86_64, r-oldrel-macos-arm64, r-oldrel-macos-x86_64, r-oldrel-windows-x86_64
These binaries (installable software) and packages are in development.
They may not be fully stable and should be used with caution. We make no claims about them.