CRAN Package Check Results for Package banxicoR

Last updated on 2025-07-02 01:51:32 CEST.

Flavor Version Tinstall Tcheck Ttotal Status Flags
r-devel-linux-x86_64-debian-clang 0.9.0 2.92 29.91 32.83 NOTE
r-devel-linux-x86_64-debian-gcc 0.9.0 2.05 23.95 26.00 NOTE
r-devel-linux-x86_64-fedora-clang 0.9.0 51.36 OK
r-devel-linux-x86_64-fedora-gcc 0.9.0 50.12 OK
r-devel-windows-x86_64 0.9.0 5.00 51.00 56.00 OK
r-patched-linux-x86_64 OK
r-release-linux-x86_64 0.9.0 2.63 28.70 31.33 OK
r-release-macos-arm64 0.9.0 28.00 OK
r-release-macos-x86_64 0.9.0 37.00 OK
r-release-windows-x86_64 0.9.0 5.00 50.00 55.00 OK
r-oldrel-macos-arm64 0.9.0 20.00 OK
r-oldrel-macos-x86_64 0.9.0 32.00 OK
r-oldrel-windows-x86_64 0.9.0 6.00 55.00 61.00 OK

Check Details

Version: 0.9.0
Check: CRAN incoming feasibility
Result: NOTE Maintainer: ‘Eduardo Flores <eduardo@enelmargen.org>’ No Authors@R field in DESCRIPTION. Please add one, modifying Authors@R: person(given = "Eduardo", family = "Flores", role = c("aut", "cre"), email = "eduardo@enelmargen.org") as necessary. Flavors: r-devel-linux-x86_64-debian-clang, r-devel-linux-x86_64-debian-gcc

These binaries (installable software) and packages are in development.
They may not be fully stable and should be used with caution. We make no claims about them.