CRAN Package Check Results for Package banxicoR

Last updated on 2025-11-13 17:50:28 CET.

Flavor Version Tinstall Tcheck Ttotal Status Flags
r-devel-linux-x86_64-debian-clang 0.9.0 2.75 31.77 34.52 NOTE
r-devel-linux-x86_64-debian-gcc 0.9.0 2.25 24.69 26.94 NOTE
r-devel-linux-x86_64-fedora-clang 0.9.0 53.08 OK
r-devel-linux-x86_64-fedora-gcc 0.9.0 50.60 OK
r-devel-windows-x86_64 0.9.0 6.00 50.00 56.00 OK
r-patched-linux-x86_64 0.9.0 3.01 30.31 33.32 OK
r-release-linux-x86_64 0.9.0 2.89 29.92 32.81 OK
r-release-macos-arm64 0.9.0 2.00 26.00 28.00 OK
r-release-macos-x86_64 0.9.0 4.00 33.00 37.00 OK
r-release-windows-x86_64 0.9.0 5.00 48.00 53.00 OK
r-oldrel-macos-arm64 0.9.0 2.00 18.00 20.00 OK
r-oldrel-macos-x86_64 0.9.0 3.00 29.00 32.00 OK
r-oldrel-windows-x86_64 0.9.0 7.00 55.00 62.00 OK

Check Details

Version: 0.9.0
Check: CRAN incoming feasibility
Result: NOTE Maintainer: ‘Eduardo Flores <eduardo@enelmargen.org>’ No Authors@R field in DESCRIPTION. Please add one, modifying Authors@R: person(given = "Eduardo", family = "Flores", role = c("aut", "cre"), email = "eduardo@enelmargen.org") as necessary. Flavors: r-devel-linux-x86_64-debian-clang, r-devel-linux-x86_64-debian-gcc

These binaries (installable software) and packages are in development.
They may not be fully stable and should be used with caution. We make no claims about them.