Last updated on 2025-02-02 14:48:18 CET.
Flavor | Version | Tinstall | Tcheck | Ttotal | Status | Flags |
---|---|---|---|---|---|---|
r-devel-linux-x86_64-debian-clang | 0.2.1 | 7.74 | 71.44 | 79.18 | NOTE | |
r-devel-linux-x86_64-debian-gcc | 0.2.1 | 6.36 | 54.58 | 60.94 | NOTE | |
r-devel-linux-x86_64-fedora-clang | 0.2.1 | 131.65 | NOTE | |||
r-devel-linux-x86_64-fedora-gcc | 0.2.1 | 139.63 | NOTE | |||
r-devel-windows-x86_64 | 0.2.1 | 10.00 | 84.00 | 94.00 | NOTE | |
r-patched-linux-x86_64 | 0.2.1 | 8.65 | 66.80 | 75.45 | OK | |
r-release-linux-x86_64 | 0.2.1 | 7.53 | 66.39 | 73.92 | OK | |
r-release-macos-arm64 | 0.2.1 | 51.00 | OK | |||
r-release-macos-x86_64 | 0.2.1 | 97.00 | OK | |||
r-release-windows-x86_64 | 0.2.1 | 10.00 | 85.00 | 95.00 | OK | |
r-oldrel-macos-arm64 | 0.2.1 | 54.00 | OK | |||
r-oldrel-macos-x86_64 | 0.2.1 | 95.00 | OK | |||
r-oldrel-windows-x86_64 | 0.2.1 | 13.00 | 95.00 | 108.00 | OK |
Version: 0.2.1
Check: DESCRIPTION meta-information
Result: NOTE
Missing dependency on R >= 4.2.0 because package code uses the pipe
placeholder syntax added in R 4.2.0.
File(s) using such syntax:
‘dexpfit.R’ ‘expfit.R’ ‘icarfit.R’ ‘logisticfit.R’
Flavors: r-devel-linux-x86_64-debian-clang, r-devel-linux-x86_64-debian-gcc, r-devel-linux-x86_64-fedora-clang, r-devel-linux-x86_64-fedora-gcc, r-devel-windows-x86_64
These binaries (installable software) and packages are in development.
They may not be fully stable and should be used with caution. We make no claims about them.