CRAN Package Check Results for Package bartXViz

Last updated on 2025-05-21 21:49:10 CEST.

Flavor Version Tinstall Tcheck Ttotal Status Flags
r-devel-linux-x86_64-debian-clang 1.0.3 35.07 116.70 151.77 OK
r-devel-linux-x86_64-debian-gcc 1.0.3 24.55 78.84 103.39 OK
r-devel-linux-x86_64-fedora-clang 1.0.3 252.27 OK
r-devel-linux-x86_64-fedora-gcc 1.0.3 242.38 OK
r-devel-windows-x86_64 1.0.3 42.00 149.00 191.00 OK
r-patched-linux-x86_64 1.0.3 34.01 110.02 144.03 OK
r-release-linux-x86_64 1.0.3 32.09 109.24 141.33 OK
r-release-macos-arm64 1.0.3 61.00 OK
r-release-macos-x86_64 1.0.3 120.00 OK
r-release-windows-x86_64 1.0.3 39.00 136.00 175.00 OK
r-oldrel-macos-arm64 1.0.3 68.00 NOTE
r-oldrel-macos-x86_64 1.0.3 140.00 NOTE
r-oldrel-windows-x86_64 1.0.3 51.00 171.00 222.00 NOTE

Check Details

Version: 1.0.3
Check: DESCRIPTION meta-information
Result: NOTE Package listed in more than one of Depends, Imports, Suggests, Enhances: ‘data.table’ A package should be listed in only one of these fields. Flavors: r-oldrel-macos-arm64, r-oldrel-macos-x86_64, r-oldrel-windows-x86_64

These binaries (installable software) and packages are in development.
They may not be fully stable and should be used with caution. We make no claims about them.