Last updated on 2025-02-16 10:50:42 CET.
Flavor | Version | Tinstall | Tcheck | Ttotal | Status | Flags |
---|---|---|---|---|---|---|
r-devel-linux-x86_64-debian-clang | 0.3.0 | 69.34 | 24.22 | 93.56 | OK | |
r-devel-linux-x86_64-debian-gcc | 0.3.0 | 56.97 | 24.97 | 81.94 | OK | |
r-devel-linux-x86_64-fedora-clang | 0.3.0 | 153.47 | OK | |||
r-devel-linux-x86_64-fedora-gcc | 0.3.0 | 193.62 | OK | |||
r-devel-macos-arm64 | 0.3.0 | 42.00 | OK | |||
r-devel-macos-x86_64 | 0.3.0 | 67.00 | OK | |||
r-devel-windows-x86_64 | 0.3.0 | 60.00 | 78.00 | 138.00 | OK | |
r-patched-linux-x86_64 | 0.3.0 | 75.80 | 31.54 | 107.34 | OK | |
r-release-linux-x86_64 | 0.3.0 | 73.77 | 31.61 | 105.38 | OK | |
r-release-macos-arm64 | 0.3.0 | 48.00 | NOTE | |||
r-release-macos-x86_64 | 0.3.0 | 57.00 | NOTE | |||
r-release-windows-x86_64 | 0.3.0 | 63.00 | 73.00 | 136.00 | OK | |
r-oldrel-macos-arm64 | 0.3.0 | 48.00 | NOTE | |||
r-oldrel-macos-x86_64 | 0.3.0 | 69.00 | NOTE | |||
r-oldrel-windows-x86_64 | 0.3.0 | 81.00 | 83.00 | 164.00 | OK |
Version: 0.3.0
Check: installed package size
Result: NOTE
installed size is 19.7Mb
sub-directories of 1Mb or more:
libs 19.6Mb
Flavors: r-release-macos-arm64, r-release-macos-x86_64, r-oldrel-macos-arm64, r-oldrel-macos-x86_64
These binaries (installable software) and packages are in development.
They may not be fully stable and should be used with caution. We make no claims about them.