CRAN Package Check Results for Package base.rms

Last updated on 2025-05-22 06:51:39 CEST.

Flavor Version Tinstall Tcheck Ttotal Status Flags
r-devel-linux-x86_64-debian-clang 1.0 14.08 109.24 123.32 OK
r-devel-linux-x86_64-debian-gcc 1.0 10.15 76.41 86.56 OK
r-devel-linux-x86_64-fedora-clang 1.0 189.19 NOTE
r-devel-linux-x86_64-fedora-gcc 1.0 187.26 NOTE
r-devel-windows-x86_64 1.0 14.00 120.00 134.00 OK
r-patched-linux-x86_64 1.0 13.30 98.38 111.68 OK
r-release-linux-x86_64 1.0 12.74 97.81 110.55 OK
r-release-macos-arm64 1.0 64.00 OK
r-release-macos-x86_64 1.0 107.00 OK
r-release-windows-x86_64 1.0 14.00 139.00 153.00 OK
r-oldrel-macos-arm64 1.0 56.00 NOTE
r-oldrel-macos-x86_64 1.0 88.00 NOTE
r-oldrel-windows-x86_64 1.0 19.00 131.00 150.00 NOTE

Check Details

Version: 1.0
Check: dependencies in R code
Result: NOTE Namespace in Imports field not imported from: ‘splines’ All declared Imports should be used. Flavors: r-devel-linux-x86_64-fedora-clang, r-devel-linux-x86_64-fedora-gcc

Version: 1.0
Check: LazyData
Result: NOTE 'LazyData' is specified without a 'data' directory Flavors: r-oldrel-macos-arm64, r-oldrel-macos-x86_64, r-oldrel-windows-x86_64

These binaries (installable software) and packages are in development.
They may not be fully stable and should be used with caution. We make no claims about them.