Last updated on 2025-02-16 10:50:42 CET.
Flavor | Version | Tinstall | Tcheck | Ttotal | Status | Flags |
---|---|---|---|---|---|---|
r-devel-linux-x86_64-debian-clang | 1.0 | 12.29 | 99.47 | 111.76 | OK | |
r-devel-linux-x86_64-debian-gcc | 1.0 | 8.86 | 74.55 | 83.41 | OK | |
r-devel-linux-x86_64-fedora-clang | 1.0 | 182.52 | NOTE | |||
r-devel-linux-x86_64-fedora-gcc | 1.0 | 174.04 | NOTE | |||
r-devel-macos-arm64 | 1.0 | 62.00 | OK | |||
r-devel-macos-x86_64 | 1.0 | 107.00 | OK | |||
r-devel-windows-x86_64 | 1.0 | 12.00 | 110.00 | 122.00 | OK | |
r-patched-linux-x86_64 | 1.0 | 11.15 | 89.41 | 100.56 | NOTE | |
r-release-linux-x86_64 | 1.0 | 10.41 | 90.03 | 100.44 | NOTE | |
r-release-macos-arm64 | 1.0 | 56.00 | NOTE | |||
r-release-macos-x86_64 | 1.0 | 88.00 | NOTE | |||
r-release-windows-x86_64 | 1.0 | 12.00 | 101.00 | 113.00 | NOTE | |
r-oldrel-macos-arm64 | 1.0 | 61.00 | NOTE | |||
r-oldrel-macos-x86_64 | 1.0 | 93.00 | NOTE | |||
r-oldrel-windows-x86_64 | 1.0 | 17.00 | 144.00 | 161.00 | NOTE |
Version: 1.0
Check: dependencies in R code
Result: NOTE
Namespace in Imports field not imported from: ‘splines’
All declared Imports should be used.
Flavors: r-devel-linux-x86_64-fedora-clang, r-devel-linux-x86_64-fedora-gcc
Version: 1.0
Check: LazyData
Result: NOTE
'LazyData' is specified without a 'data' directory
Flavors: r-patched-linux-x86_64, r-release-linux-x86_64, r-release-macos-arm64, r-release-macos-x86_64, r-release-windows-x86_64, r-oldrel-macos-arm64, r-oldrel-macos-x86_64, r-oldrel-windows-x86_64
These binaries (installable software) and packages are in development.
They may not be fully stable and should be used with caution. We make no claims about them.