Last updated on 2025-07-26 07:50:16 CEST.
Flavor | Version | Tinstall | Tcheck | Ttotal | Status | Flags |
---|---|---|---|---|---|---|
r-devel-linux-x86_64-debian-clang | 1.0 | 13.81 | 102.43 | 116.24 | OK | |
r-devel-linux-x86_64-debian-gcc | 1.0 | 10.51 | 77.24 | 87.75 | OK | |
r-devel-linux-x86_64-fedora-clang | 1.0 | 184.91 | NOTE | |||
r-devel-linux-x86_64-fedora-gcc | 1.0 | 184.98 | NOTE | |||
r-devel-windows-x86_64 | 1.0 | 15.00 | 106.00 | 121.00 | OK | |
r-patched-linux-x86_64 | 1.0 | 12.67 | 97.80 | 110.47 | OK | |
r-release-linux-x86_64 | 1.0 | 13.21 | 97.61 | 110.82 | OK | |
r-release-macos-arm64 | 1.0 | 64.00 | OK | |||
r-release-macos-x86_64 | 1.0 | 107.00 | OK | |||
r-release-windows-x86_64 | 1.0 | 13.00 | 107.00 | 120.00 | OK | |
r-oldrel-macos-arm64 | 1.0 | 56.00 | NOTE | |||
r-oldrel-macos-x86_64 | 1.0 | 88.00 | NOTE | |||
r-oldrel-windows-x86_64 | 1.0 | 17.00 | 133.00 | 150.00 | NOTE |
Version: 1.0
Check: dependencies in R code
Result: NOTE
Namespace in Imports field not imported from: ‘splines’
All declared Imports should be used.
Flavors: r-devel-linux-x86_64-fedora-clang, r-devel-linux-x86_64-fedora-gcc
Version: 1.0
Check: LazyData
Result: NOTE
'LazyData' is specified without a 'data' directory
Flavors: r-oldrel-macos-arm64, r-oldrel-macos-x86_64, r-oldrel-windows-x86_64
These binaries (installable software) and packages are in development.
They may not be fully stable and should be used with caution. We make no claims about them.