CRAN Package Check Results for Package baseballr

Last updated on 2025-05-08 04:51:59 CEST.

Flavor Version Tinstall Tcheck Ttotal Status Flags
r-devel-linux-x86_64-debian-clang 1.6.0 21.73 141.23 162.96 NOTE
r-devel-linux-x86_64-debian-gcc 1.6.0 13.18 90.83 104.01 NOTE
r-devel-linux-x86_64-fedora-clang 1.6.0 264.75 NOTE
r-devel-linux-x86_64-fedora-gcc 1.6.0 243.65 NOTE
r-devel-windows-x86_64 1.6.0 24.00 167.00 191.00 NOTE
r-patched-linux-x86_64 1.6.0 24.37 124.81 149.18 NOTE
r-release-linux-x86_64 1.6.0 19.68 129.19 148.87 NOTE
r-release-macos-arm64 1.6.0 58.00 NOTE
r-release-macos-x86_64 1.6.0 110.00 NOTE
r-release-windows-x86_64 1.6.0 23.00 168.00 191.00 NOTE
r-oldrel-macos-arm64 1.6.0 40.00 OK
r-oldrel-macos-x86_64 1.6.0 66.00 OK
r-oldrel-windows-x86_64 1.6.0 31.00 203.00 234.00 OK

Check Details

Version: 1.6.0
Check: DESCRIPTION meta-information
Result: NOTE Missing dependency on R >= 4.1.0 because package code uses the pipe |> or function shorthand \(...) syntax added in R 4.1.0. File(s) using such syntax: ‘chadwick_installation.R’ Flavors: r-devel-linux-x86_64-debian-clang, r-devel-linux-x86_64-debian-gcc, r-devel-linux-x86_64-fedora-clang, r-devel-linux-x86_64-fedora-gcc, r-devel-windows-x86_64, r-patched-linux-x86_64, r-release-linux-x86_64, r-release-macos-arm64, r-release-macos-x86_64, r-release-windows-x86_64

These binaries (installable software) and packages are in development.
They may not be fully stable and should be used with caution. We make no claims about them.