CRAN Package Check Results for Package basedosdados

Last updated on 2025-05-08 04:51:59 CEST.

Flavor Version Tinstall Tcheck Ttotal Status Flags
r-devel-linux-x86_64-debian-clang 0.2.2 8.04 65.39 73.43 NOTE
r-devel-linux-x86_64-debian-gcc 0.2.2 5.53 43.57 49.10 NOTE
r-devel-linux-x86_64-fedora-clang 0.2.2 111.21 NOTE
r-devel-linux-x86_64-fedora-gcc 0.2.2 107.54 NOTE
r-devel-windows-x86_64 0.2.2 9.00 76.00 85.00 NOTE
r-patched-linux-x86_64 0.2.2 8.09 58.52 66.61 NOTE
r-release-linux-x86_64 0.2.2 7.57 59.83 67.40 NOTE
r-release-macos-arm64 0.2.2 32.00 NOTE
r-release-macos-x86_64 0.2.2 54.00 NOTE
r-release-windows-x86_64 0.2.2 10.00 76.00 86.00 NOTE
r-oldrel-macos-arm64 0.2.2 31.00 NOTE
r-oldrel-macos-x86_64 0.2.2 52.00 NOTE
r-oldrel-windows-x86_64 0.2.2 13.00 93.00 106.00 NOTE

Check Details

Version: 0.2.2
Check: Rd files
Result: NOTE checkRd: (-1) bd_collect.Rd:30: Lost braces; missing escapes or markup? 30 | the {dplyr}'s verbs and thus use it in local memory completely. | ^ checkRd: (-1) bd_write.Rd:52: Lost braces; missing escapes or markup? 52 | Writes a remote table to disk that was called via {bdplyr}. | ^ checkRd: (-1) bdplyr.Rd:5: Lost braces; missing escapes or markup? 5 | \title{Compatibility with {dplyr} verbs without using SQL language} | ^ Flavors: r-devel-linux-x86_64-debian-clang, r-devel-linux-x86_64-debian-gcc, r-devel-linux-x86_64-fedora-clang, r-devel-linux-x86_64-fedora-gcc, r-devel-windows-x86_64, r-patched-linux-x86_64, r-release-linux-x86_64, r-release-macos-arm64, r-release-macos-x86_64, r-release-windows-x86_64, r-oldrel-macos-arm64, r-oldrel-macos-x86_64, r-oldrel-windows-x86_64

These binaries (installable software) and packages are in development.
They may not be fully stable and should be used with caution. We make no claims about them.