CRAN Package Check Results for Package basedosdados

Last updated on 2025-10-23 11:50:07 CEST.

Flavor Version Tinstall Tcheck Ttotal Status Flags
r-devel-linux-x86_64-debian-clang 0.2.3 7.97 66.90 74.87 NOTE
r-devel-linux-x86_64-debian-gcc 0.2.3 5.20 44.02 49.22 OK
r-devel-linux-x86_64-fedora-clang 0.2.3 19.00 97.41 116.41 OK
r-devel-linux-x86_64-fedora-gcc 0.2.3 18.00 87.47 105.47 OK
r-devel-windows-x86_64 0.2.3 9.00 75.00 84.00 OK
r-patched-linux-x86_64 0.2.3 8.16 60.04 68.20 OK
r-release-linux-x86_64 0.2.3 7.79 62.33 70.12 OK
r-release-macos-arm64 0.2.3 4.00 33.00 37.00 OK
r-release-macos-x86_64 0.2.3 8.00 55.00 63.00 OK
r-release-windows-x86_64 0.2.3 10.00 77.00 87.00 OK
r-oldrel-macos-arm64 0.2.3 4.00 34.00 38.00 OK
r-oldrel-macos-x86_64 0.2.3 12.00 64.00 76.00 OK
r-oldrel-windows-x86_64 0.2.3 12.00 92.00 104.00 OK

Check Details

Version: 0.2.3
Check: HTML version of manual
Result: NOTE Found the following HTML validation problems: BaseDosDadosConnection-class.html:49:1 (BaseDosDadosConnection-class.Rd:12): Warning: missing </ul> before </div> Flavor: r-devel-linux-x86_64-debian-clang

These binaries (installable software) and packages are in development.
They may not be fully stable and should be used with caution. We make no claims about them.