Last updated on 2025-11-11 15:50:27 CET.
| Flavor | Version | Tinstall | Tcheck | Ttotal | Status | Flags |
|---|---|---|---|---|---|---|
| r-devel-linux-x86_64-debian-clang | 0.2.0 | 5.45 | 58.53 | 63.98 | OK | |
| r-devel-linux-x86_64-debian-gcc | 0.2.0 | 3.83 | 42.71 | 46.54 | OK | |
| r-devel-linux-x86_64-fedora-clang | 0.2.0 | 13.00 | 87.27 | 100.27 | OK | |
| r-devel-linux-x86_64-fedora-gcc | 0.2.0 | 13.00 | 87.17 | 100.17 | OK | |
| r-devel-windows-x86_64 | 0.2.0 | 8.00 | 66.00 | 74.00 | OK | |
| r-patched-linux-x86_64 | 0.2.0 | 4.33 | 55.81 | 60.14 | OK | |
| r-release-linux-x86_64 | 0.2.0 | 4.96 | 56.32 | 61.28 | OK | |
| r-release-macos-arm64 | 0.2.0 | 3.00 | 50.00 | 53.00 | OK | |
| r-release-macos-x86_64 | 0.2.0 | 5.00 | 52.00 | 57.00 | OK | |
| r-release-windows-x86_64 | 0.2.0 | 6.00 | 64.00 | 70.00 | OK | |
| r-oldrel-macos-arm64 | 0.2.0 | 2.00 | 28.00 | 30.00 | NOTE | |
| r-oldrel-macos-x86_64 | 0.2.0 | 3.00 | 40.00 | 43.00 | NOTE | |
| r-oldrel-windows-x86_64 | 0.2.0 | 9.00 | 81.00 | 90.00 | NOTE |
Version: 0.2.0
Check: LazyData
Result: NOTE
'LazyData' is specified without a 'data' directory
Flavors: r-oldrel-macos-arm64, r-oldrel-macos-x86_64, r-oldrel-windows-x86_64
These binaries (installable software) and packages are in development.
They may not be fully stable and should be used with caution. We make no claims about them.