Last updated on 2025-10-24 11:50:41 CEST.
| Flavor | Version | Tinstall | Tcheck | Ttotal | Status | Flags |
|---|---|---|---|---|---|---|
| r-devel-linux-x86_64-debian-clang | 1.0.1 | 26.61 | 711.70 | 738.31 | OK | |
| r-devel-linux-x86_64-debian-gcc | 1.0.1 | 14.70 | 373.27 | 387.97 | OK | |
| r-devel-linux-x86_64-fedora-clang | 1.0.1 | 156.00 | 1203.91 | 1359.91 | NOTE | |
| r-devel-linux-x86_64-fedora-gcc | 1.0.1 | 57.00 | 1181.53 | 1238.53 | NOTE | |
| r-devel-windows-x86_64 | 1.0.1 | 31.00 | 580.00 | 611.00 | OK | |
| r-patched-linux-x86_64 | 1.0.1 | 25.98 | 672.52 | 698.50 | OK | |
| r-release-linux-x86_64 | 1.0.1 | 25.05 | 665.74 | 690.79 | OK | |
| r-release-macos-arm64 | 1.0.1 | 17.00 | 303.00 | 320.00 | OK | |
| r-release-macos-x86_64 | 1.0.1 | 21.00 | 574.00 | 595.00 | OK | |
| r-release-windows-x86_64 | 1.0.1 | 33.00 | 582.00 | 615.00 | OK | |
| r-oldrel-macos-arm64 | 1.0.1 | 12.00 | 236.00 | 248.00 | OK | |
| r-oldrel-macos-x86_64 | 1.0.1 | 13.00 | 429.00 | 442.00 | OK | |
| r-oldrel-windows-x86_64 | 1.0.1 | 38.00 | 839.00 | 877.00 | OK |
Version: 1.0.1
Check: dependencies in R code
Result: NOTE
Namespace in Imports field not imported from: ‘ggplot2’
All declared Imports should be used.
Flavors: r-devel-linux-x86_64-fedora-clang, r-devel-linux-x86_64-fedora-gcc
These binaries (installable software) and packages are in development.
They may not be fully stable and should be used with caution. We make no claims about them.