Last updated on 2025-02-16 10:50:42 CET.
Flavor | Version | Tinstall | Tcheck | Ttotal | Status | Flags |
---|---|---|---|---|---|---|
r-devel-linux-x86_64-debian-clang | 1.0.1 | 26.61 | 699.76 | 726.37 | OK | |
r-devel-linux-x86_64-debian-gcc | 1.0.1 | 18.60 | 368.85 | 387.45 | OK | |
r-devel-linux-x86_64-fedora-clang | 1.0.1 | 1309.71 | NOTE | |||
r-devel-linux-x86_64-fedora-gcc | 1.0.1 | 1191.50 | NOTE | |||
r-devel-macos-arm64 | 1.0.1 | 238.00 | OK | |||
r-devel-macos-x86_64 | 1.0.1 | 686.00 | OK | |||
r-devel-windows-x86_64 | 1.0.1 | 32.00 | 561.00 | 593.00 | OK | |
r-patched-linux-x86_64 | 1.0.1 | 24.87 | 653.13 | 678.00 | OK | |
r-release-linux-x86_64 | 1.0.1 | 21.25 | 662.11 | 683.36 | OK | |
r-release-macos-arm64 | 1.0.1 | 248.00 | OK | |||
r-release-macos-x86_64 | 1.0.1 | 442.00 | OK | |||
r-release-windows-x86_64 | 1.0.1 | 30.00 | 584.00 | 614.00 | OK | |
r-oldrel-macos-arm64 | 1.0.1 | 230.00 | OK | |||
r-oldrel-macos-x86_64 | 1.0.1 | 642.00 | OK | |||
r-oldrel-windows-x86_64 | 1.0.1 | 36.00 | 796.00 | 832.00 | OK |
Version: 1.0.1
Check: dependencies in R code
Result: NOTE
Namespace in Imports field not imported from: ‘ggplot2’
All declared Imports should be used.
Flavors: r-devel-linux-x86_64-fedora-clang, r-devel-linux-x86_64-fedora-gcc
These binaries (installable software) and packages are in development.
They may not be fully stable and should be used with caution. We make no claims about them.