CRAN Package Check Results for Package batchmeans

Last updated on 2025-05-28 07:49:43 CEST.

Flavor Version Tinstall Tcheck Ttotal Status Flags
r-devel-linux-x86_64-debian-clang 1.0-4 1.68 18.93 20.61 NOTE
r-devel-linux-x86_64-debian-gcc 1.0-4 1.33 14.48 15.81 NOTE
r-devel-linux-x86_64-fedora-clang 1.0-4 30.79 OK
r-devel-linux-x86_64-fedora-gcc 1.0-4 29.79 OK
r-devel-windows-x86_64 1.0-4 3.00 40.00 43.00 OK
r-patched-linux-x86_64 1.0-4 1.59 17.45 19.04 OK
r-release-linux-x86_64 1.0-4 1.52 17.86 19.38 OK
r-release-macos-arm64 1.0-4 18.00 OK
r-release-macos-x86_64 1.0-4 23.00 OK
r-release-windows-x86_64 1.0-4 2.00 43.00 45.00 OK
r-oldrel-macos-arm64 1.0-4 20.00 OK
r-oldrel-macos-x86_64 1.0-4 22.00 OK
r-oldrel-windows-x86_64 1.0-4 3.00 39.00 42.00 OK

Check Details

Version: 1.0-4
Check: CRAN incoming feasibility
Result: NOTE Maintainer: ‘John Hughes <drjphughesjr@gmail.com>’ No Authors@R field in DESCRIPTION. Please add one, modifying Authors@R: c(person(given = "Murali", family = "Haran", role = "aut", email = "mharan@stat.psu.edu"), person(given = "John", family = "Hughes", role = c("aut", "cre"), email = "drjphughesjr@gmail.com")) as necessary. Package CITATION file contains call(s) to old-style personList() or as.personList(). Please use c() on person objects instead. Package CITATION file contains call(s) to old-style citEntry(). Please use bibentry() instead. Flavors: r-devel-linux-x86_64-debian-clang, r-devel-linux-x86_64-debian-gcc

These binaries (installable software) and packages are in development.
They may not be fully stable and should be used with caution. We make no claims about them.