CRAN Package Check Results for Package batchscr

Last updated on 2025-02-19 16:50:41 CET.

Flavor Version Tinstall Tcheck Ttotal Status Flags
r-devel-linux-x86_64-debian-clang 0.1.0 1.58 15.23 16.81 OK
r-devel-linux-x86_64-debian-gcc 0.1.0 1.14 12.42 13.56 OK
r-devel-linux-x86_64-fedora-clang 0.1.0 27.46 OK
r-devel-linux-x86_64-fedora-gcc 0.1.0 26.85 OK
r-devel-macos-arm64 0.1.0 16.00 OK
r-devel-macos-x86_64 0.1.0 21.00 OK
r-devel-windows-x86_64 0.1.0 3.00 33.00 36.00 OK
r-patched-linux-x86_64 0.1.0 1.50 14.87 16.37 NOTE
r-release-linux-x86_64 0.1.0 1.31 14.68 15.99 NOTE
r-release-macos-arm64 0.1.0 15.00 NOTE
r-release-macos-x86_64 0.1.0 19.00 NOTE
r-release-windows-x86_64 0.1.0 2.00 33.00 35.00 NOTE
r-oldrel-macos-arm64 0.1.0 15.00 NOTE
r-oldrel-macos-x86_64 0.1.0 19.00 NOTE
r-oldrel-windows-x86_64 0.1.0 3.00 32.00 35.00 NOTE

Check Details

Version: 0.1.0
Check: LazyData
Result: NOTE 'LazyData' is specified without a 'data' directory Flavors: r-patched-linux-x86_64, r-release-linux-x86_64, r-release-macos-arm64, r-release-macos-x86_64, r-release-windows-x86_64, r-oldrel-macos-arm64, r-oldrel-macos-x86_64, r-oldrel-windows-x86_64

These binaries (installable software) and packages are in development.
They may not be fully stable and should be used with caution. We make no claims about them.