CRAN Package Check Results for Package batchtools

Last updated on 2025-10-25 01:50:53 CEST.

Flavor Version Tinstall Tcheck Ttotal Status Flags
r-devel-linux-x86_64-debian-clang 0.9.18 13.69 134.16 147.85 OK
r-devel-linux-x86_64-debian-gcc 0.9.18 7.69 93.73 101.42 OK
r-devel-linux-x86_64-fedora-clang 0.9.18 28.00 200.07 228.07 OK
r-devel-linux-x86_64-fedora-gcc 0.9.18 28.00 203.16 231.16 OK
r-devel-windows-x86_64 0.9.18 18.00 174.00 192.00 OK
r-patched-linux-x86_64 0.9.18 14.64 124.08 138.72 OK
r-release-linux-x86_64 0.9.18 12.89 125.38 138.27 OK
r-release-macos-arm64 0.9.18 6.00 77.00 83.00 OK
r-release-macos-x86_64 0.9.18 17.00 223.00 240.00 OK
r-release-windows-x86_64 0.9.18 18.00 175.00 193.00 OK
r-oldrel-macos-arm64 0.9.18 10.00 118.00 128.00 NOTE
r-oldrel-macos-x86_64 0.9.18 11.00 161.00 172.00 NOTE
r-oldrel-windows-x86_64 0.9.18 22.00 207.00 229.00 OK

Check Details

Version: 0.9.18
Check: package dependencies
Result: NOTE Package suggested but not available for checking: ‘doMPI’ Flavors: r-oldrel-macos-arm64, r-oldrel-macos-x86_64

Version: 0.9.18
Check: Rd cross-references
Result: NOTE Package unavailable to check Rd xrefs: ‘Rmpi’ Flavors: r-oldrel-macos-arm64, r-oldrel-macos-x86_64

These binaries (installable software) and packages are in development.
They may not be fully stable and should be used with caution. We make no claims about them.