CRAN Package Check Results for Package batteryreduction

Last updated on 2025-07-01 11:49:14 CEST.

Flavor Version Tinstall Tcheck Ttotal Status Flags
r-devel-linux-x86_64-debian-clang 0.1.1 1.62 17.40 19.02 NOTE
r-devel-linux-x86_64-debian-gcc 0.1.1 1.40 14.31 15.71 NOTE
r-devel-linux-x86_64-fedora-clang 0.1.1 29.14 OK
r-devel-linux-x86_64-fedora-gcc 0.1.1 27.64 OK
r-devel-windows-x86_64 0.1.1 3.00 38.00 41.00 OK
r-patched-linux-x86_64 OK
r-release-linux-x86_64 0.1.1 1.56 16.16 17.72 OK
r-release-macos-arm64 0.1.1 14.00 OK
r-release-macos-x86_64 0.1.1 21.00 OK
r-release-windows-x86_64 0.1.1 3.00 38.00 41.00 OK
r-oldrel-macos-arm64 0.1.1 17.00 OK
r-oldrel-macos-x86_64 0.1.1 19.00 OK
r-oldrel-windows-x86_64 0.1.1 2.00 42.00 44.00 OK

Check Details

Version: 0.1.1
Check: CRAN incoming feasibility
Result: NOTE Maintainer: ‘Chunqiao Luo <chunqiaoluo@gmail.com>’ Package CITATION file contains call(s) to old-style citEntry(). Please use bibentry() instead. Flavors: r-devel-linux-x86_64-debian-clang, r-devel-linux-x86_64-debian-gcc

These binaries (installable software) and packages are in development.
They may not be fully stable and should be used with caution. We make no claims about them.