CRAN Package Check Results for Package batteryreduction

Last updated on 2025-11-24 15:49:46 CET.

Flavor Version Tinstall Tcheck Ttotal Status Flags
r-devel-linux-x86_64-debian-clang 0.1.1 1.66 18.32 19.98 NOTE
r-devel-linux-x86_64-debian-gcc 0.1.1 1.45 15.75 17.20 NOTE
r-devel-linux-x86_64-fedora-clang 0.1.1 29.27 OK
r-devel-linux-x86_64-fedora-gcc 0.1.1 28.07 OK
r-devel-windows-x86_64 0.1.1 3.00 36.00 39.00 OK
r-patched-linux-x86_64 0.1.1 1.52 17.32 18.84 OK
r-release-linux-x86_64 0.1.1 1.65 17.17 18.82 OK
r-release-macos-arm64 0.1.1 OK
r-release-macos-x86_64 0.1.1 2.00 19.00 21.00 OK
r-release-windows-x86_64 0.1.1 4.00 48.00 52.00 OK
r-oldrel-macos-arm64 0.1.1 OK
r-oldrel-macos-x86_64 0.1.1 1.00 18.00 19.00 OK
r-oldrel-windows-x86_64 0.1.1 2.00 39.00 41.00 OK

Check Details

Version: 0.1.1
Check: CRAN incoming feasibility
Result: NOTE Maintainer: ‘Chunqiao Luo <chunqiaoluo@gmail.com>’ Package CITATION file contains call(s) to old-style citEntry(). Please use bibentry() instead. Flavors: r-devel-linux-x86_64-debian-clang, r-devel-linux-x86_64-debian-gcc

These binaries (installable software) and packages are in development.
They may not be fully stable and should be used with caution. We make no claims about them.