Last updated on 2025-10-23 17:50:42 CEST.
| Flavor | Version | Tinstall | Tcheck | Ttotal | Status | Flags |
|---|---|---|---|---|---|---|
| r-devel-linux-x86_64-debian-clang | 2.0 | 23.93 | 44.24 | 68.17 | WARN | |
| r-devel-linux-x86_64-debian-gcc | 2.0 | 15.43 | 32.62 | 48.05 | WARN | |
| r-devel-linux-x86_64-fedora-clang | 2.0 | 58.00 | 55.77 | 113.77 | NOTE | |
| r-devel-linux-x86_64-fedora-gcc | 2.0 | 47.00 | 59.03 | 106.03 | NOTE | |
| r-devel-windows-x86_64 | 2.0 | 29.00 | 80.00 | 109.00 | NOTE | |
| r-patched-linux-x86_64 | 2.0 | 22.97 | 41.80 | 64.77 | NOTE | |
| r-release-linux-x86_64 | 2.0 | 24.12 | 41.51 | 65.63 | NOTE | |
| r-release-macos-arm64 | 2.0 | 9.00 | 23.00 | 32.00 | NOTE | |
| r-release-macos-x86_64 | 2.0 | 16.00 | 39.00 | 55.00 | NOTE | |
| r-release-windows-x86_64 | 2.0 | 28.00 | 81.00 | 109.00 | NOTE | |
| r-oldrel-macos-arm64 | 2.0 | 9.00 | 21.00 | 30.00 | NOTE | |
| r-oldrel-macos-x86_64 | 2.0 | 16.00 | 34.00 | 50.00 | NOTE | |
| r-oldrel-windows-x86_64 | 2.0 | 35.00 | 100.00 | 135.00 | NOTE |
Version: 2.0
Check: whether package can be installed
Result: WARN
Found the following significant warnings:
/home/hornik/tmp/R.check/r-devel-clang/Work/build/Packages/RcppArmadillo/include/RcppArmadillo/version/arma.h:66:17: warning: Using fallback compilation with Armadillo 14.6.3. Please consider defining -DARMA_USE_CURRENT and also removing C++11 compilation directive. See GitHub issue #475 for more. [-W#pragma-messages]
See ‘/home/hornik/tmp/R.check/r-devel-clang/Work/PKGS/bayMDS.Rcheck/00install.out’ for details.
* used C++ compiler: ‘Debian clang version 19.1.7 (7)’
Flavor: r-devel-linux-x86_64-debian-clang
Version: 2.0
Check: C++ specification
Result: NOTE
Specified C++11: please drop specification unless essential
Flavors: r-devel-linux-x86_64-debian-clang, r-devel-linux-x86_64-debian-gcc, r-devel-linux-x86_64-fedora-clang, r-devel-linux-x86_64-fedora-gcc, r-devel-windows-x86_64, r-patched-linux-x86_64, r-release-linux-x86_64, r-release-macos-arm64, r-release-macos-x86_64, r-release-windows-x86_64, r-oldrel-macos-arm64, r-oldrel-macos-x86_64, r-oldrel-windows-x86_64
Version: 2.0
Check: whether package can be installed
Result: WARN
Found the following significant warnings:
/home/hornik/tmp/R.check/r-devel-gcc/Work/build/Packages/RcppArmadillo/include/RcppArmadillo/version/arma.h:66:199: note: ‘#pragma message: Using fallback compilation with Armadillo 14.6.3. Please consider defining -DARMA_USE_CURRENT and also removing C++11 compilation directive. See GitHub issue #475 for more.’
See ‘/home/hornik/tmp/R.check/r-devel-gcc/Work/PKGS/bayMDS.Rcheck/00install.out’ for details.
* used C++ compiler: ‘g++-15 (Debian 15.2.0-4) 15.2.0’
Flavor: r-devel-linux-x86_64-debian-gcc
These binaries (installable software) and packages are in development.
They may not be fully stable and should be used with caution. We make no claims about them.