CRAN Package Check Results for Package bayMDS

Last updated on 2025-07-25 01:49:22 CEST.

Flavor Version Tinstall Tcheck Ttotal Status Flags
r-devel-linux-x86_64-debian-clang 2.0 26.38 41.17 67.55 NOTE
r-devel-linux-x86_64-debian-gcc 2.0 17.14 29.46 46.60 NOTE
r-devel-linux-x86_64-fedora-clang 2.0 109.24 NOTE
r-devel-linux-x86_64-fedora-gcc 2.0 103.23 NOTE
r-devel-windows-x86_64 2.0 29.00 85.00 114.00 NOTE
r-patched-linux-x86_64 2.0 22.26 38.35 60.61 NOTE
r-release-linux-x86_64 2.0 23.97 37.89 61.86 NOTE
r-release-macos-arm64 2.0 32.00 NOTE
r-release-macos-x86_64 2.0 55.00 NOTE
r-release-windows-x86_64 2.0 28.00 79.00 107.00 NOTE
r-oldrel-macos-arm64 2.0 30.00 NOTE
r-oldrel-macos-x86_64 2.0 50.00 NOTE
r-oldrel-windows-x86_64 2.0 34.00 97.00 131.00 NOTE

Check Details

Version: 2.0
Check: C++ specification
Result: NOTE Specified C++11: please drop specification unless essential Flavors: r-devel-linux-x86_64-debian-clang, r-devel-linux-x86_64-debian-gcc, r-devel-linux-x86_64-fedora-clang, r-devel-linux-x86_64-fedora-gcc, r-devel-windows-x86_64, r-patched-linux-x86_64, r-release-linux-x86_64, r-release-macos-arm64, r-release-macos-x86_64, r-release-windows-x86_64, r-oldrel-macos-arm64, r-oldrel-macos-x86_64, r-oldrel-windows-x86_64

These binaries (installable software) and packages are in development.
They may not be fully stable and should be used with caution. We make no claims about them.