CRAN Package Check Results for Package bayMDS

Last updated on 2025-02-16 10:50:42 CET.

Flavor Version Tinstall Tcheck Ttotal Status Flags
r-devel-linux-x86_64-debian-clang 2.0 24.47 39.68 64.15 NOTE
r-devel-linux-x86_64-debian-gcc 2.0 17.36 28.77 46.13 NOTE
r-devel-linux-x86_64-fedora-clang 2.0 110.89 NOTE
r-devel-linux-x86_64-fedora-gcc 2.0 109.94 NOTE
r-devel-macos-arm64 2.0 37.00 NOTE
r-devel-macos-x86_64 2.0 55.00 NOTE
r-devel-windows-x86_64 2.0 29.00 79.00 108.00 NOTE
r-patched-linux-x86_64 2.0 22.32 37.56 59.88 NOTE
r-release-linux-x86_64 2.0 21.55 37.00 58.55 NOTE
r-release-macos-arm64 2.0 30.00 NOTE
r-release-macos-x86_64 2.0 50.00 NOTE
r-release-windows-x86_64 2.0 26.00 82.00 108.00 NOTE
r-oldrel-macos-arm64 2.0 39.00 NOTE
r-oldrel-macos-x86_64 2.0 54.00 NOTE
r-oldrel-windows-x86_64 2.0 32.00 97.00 129.00 NOTE

Check Details

Version: 2.0
Check: C++ specification
Result: NOTE Specified C++11: please drop specification unless essential Flavors: r-devel-linux-x86_64-debian-clang, r-devel-linux-x86_64-debian-gcc, r-devel-linux-x86_64-fedora-clang, r-devel-linux-x86_64-fedora-gcc, r-devel-macos-arm64, r-devel-macos-x86_64, r-devel-windows-x86_64, r-patched-linux-x86_64, r-release-linux-x86_64, r-release-macos-arm64, r-release-macos-x86_64, r-release-windows-x86_64, r-oldrel-macos-arm64, r-oldrel-macos-x86_64, r-oldrel-windows-x86_64

These binaries (installable software) and packages are in development.
They may not be fully stable and should be used with caution. We make no claims about them.