CRAN Package Check Results for Package bayes4psy

Last updated on 2025-05-08 04:51:59 CEST.

Flavor Version Tinstall Tcheck Ttotal Status Flags
r-devel-linux-x86_64-debian-clang 1.2.12 557.01 312.66 869.67 OK
r-devel-linux-x86_64-debian-gcc 1.2.12 506.06 263.94 770.00 OK
r-devel-linux-x86_64-fedora-clang 1.2.12 1325.92 OK
r-devel-linux-x86_64-fedora-gcc 1.2.12 1532.53 OK
r-devel-windows-x86_64 1.2.12 612.00 406.00 1018.00 OK
r-patched-linux-x86_64 1.2.12 641.38 356.24 997.62 OK
r-release-linux-x86_64 1.2.12 610.71 354.64 965.35 OK
r-release-macos-arm64 1.2.12 363.00 OK
r-release-macos-x86_64 1.2.12 699.00 OK
r-release-windows-x86_64 1.2.12 596.00 399.00 995.00 OK
r-oldrel-macos-arm64 1.2.12 188.00 NOTE
r-oldrel-macos-x86_64 1.2.12 211.00 NOTE
r-oldrel-windows-x86_64 1.2.12 692.00 509.00 1201.00 NOTE

Check Details

Version: 1.2.12
Check: installed package size
Result: NOTE installed size is 103.4Mb sub-directories of 1Mb or more: doc 1.9Mb libs 99.9Mb Flavors: r-oldrel-macos-arm64, r-oldrel-macos-x86_64, r-oldrel-windows-x86_64

Version: 1.2.12
Check: for GNU extensions in Makefiles
Result: NOTE GNU make is a SystemRequirements. Flavors: r-oldrel-macos-arm64, r-oldrel-macos-x86_64, r-oldrel-windows-x86_64

These binaries (installable software) and packages are in development.
They may not be fully stable and should be used with caution. We make no claims about them.