Last updated on 2025-10-23 11:50:07 CEST.
Flavor | Version | Tinstall | Tcheck | Ttotal | Status | Flags |
---|---|---|---|---|---|---|
r-devel-linux-x86_64-debian-clang | 1.1.3 | 11.14 | 96.89 | 108.03 | ERROR | |
r-devel-linux-x86_64-debian-gcc | 1.1.3 | 7.91 | 67.60 | 75.51 | ERROR | |
r-devel-linux-x86_64-fedora-clang | 1.1.3 | 71.00 | 107.79 | 178.79 | ERROR | |
r-devel-linux-x86_64-fedora-gcc | 1.1.3 | 25.00 | 154.34 | 179.34 | ERROR | |
r-devel-windows-x86_64 | 1.1.3 | 17.00 | 122.00 | 139.00 | ERROR | |
r-patched-linux-x86_64 | 1.1.3 | 11.10 | 93.85 | 104.95 | ERROR | |
r-release-linux-x86_64 | 1.1.3 | 11.33 | 92.55 | 103.88 | ERROR | |
r-release-macos-arm64 | 1.1.3 | 10.00 | 67.00 | 77.00 | NOTE | |
r-release-macos-x86_64 | 1.1.3 | 10.00 | 96.00 | 106.00 | NOTE | |
r-release-windows-x86_64 | 1.1.3 | 18.00 | 124.00 | 142.00 | ERROR | |
r-oldrel-macos-arm64 | 1.1.3 | 6.00 | 44.00 | 50.00 | NOTE | |
r-oldrel-macos-x86_64 | 1.1.3 | 9.00 | 68.00 | 77.00 | NOTE | |
r-oldrel-windows-x86_64 | 1.1.3 | 21.00 | 157.00 | 178.00 | ERROR |
Version: 1.1.3
Check: Rd files
Result: NOTE
checkRd: (-1) plotDistributions.Rd:32: Lost braces
32 | plot{...} functions are generated programmatically so the function calls in
| ^
Flavors: r-devel-linux-x86_64-debian-clang, r-devel-linux-x86_64-debian-gcc, r-devel-linux-x86_64-fedora-clang, r-devel-linux-x86_64-fedora-gcc, r-devel-windows-x86_64, r-patched-linux-x86_64, r-release-linux-x86_64, r-release-macos-arm64, r-release-macos-x86_64, r-release-windows-x86_64, r-oldrel-macos-arm64, r-oldrel-macos-x86_64, r-oldrel-windows-x86_64
Version: 1.1.3
Check: tests
Result: ERROR
Running ‘testthat.R’ [28s/34s]
Running the tests in ‘tests/testthat.R’ failed.
Complete output:
> library(testthat)
> library(bayesAB)
>
> test_check("bayesAB")
[ FAIL 1 | WARN 5 | SKIP 0 | PASS 140 ]
══ Failed tests ════════════════════════════════════════════════════════════════
── Failure ('test-dists.R:34:3'): Success ──────────────────────────────────────
plotNormalInvGamma(3, 1, 1, 1)$labels$y not equal to "sig_sq".
target is NULL, current is character
[ FAIL 1 | WARN 5 | SKIP 0 | PASS 140 ]
Error: Test failures
Execution halted
Flavor: r-devel-linux-x86_64-debian-clang
Version: 1.1.3
Check: tests
Result: ERROR
Running ‘testthat.R’ [19s/24s]
Running the tests in ‘tests/testthat.R’ failed.
Complete output:
> library(testthat)
> library(bayesAB)
>
> test_check("bayesAB")
[ FAIL 1 | WARN 5 | SKIP 0 | PASS 140 ]
══ Failed tests ════════════════════════════════════════════════════════════════
── Failure ('test-dists.R:34:3'): Success ──────────────────────────────────────
plotNormalInvGamma(3, 1, 1, 1)$labels$y not equal to "sig_sq".
target is NULL, current is character
[ FAIL 1 | WARN 5 | SKIP 0 | PASS 140 ]
Error: Test failures
Execution halted
Flavor: r-devel-linux-x86_64-debian-gcc
Version: 1.1.3
Check: tests
Result: ERROR
Running ‘testthat.R’ [46s/107s]
Running the tests in ‘tests/testthat.R’ failed.
Complete output:
> library(testthat)
> library(bayesAB)
>
> test_check("bayesAB")
[ FAIL 1 | WARN 5 | SKIP 0 | PASS 140 ]
══ Failed tests ════════════════════════════════════════════════════════════════
── Failure ('test-dists.R:34:3'): Success ──────────────────────────────────────
plotNormalInvGamma(3, 1, 1, 1)$labels$y not equal to "sig_sq".
target is NULL, current is character
[ FAIL 1 | WARN 5 | SKIP 0 | PASS 140 ]
Error: Test failures
Execution halted
Flavor: r-devel-linux-x86_64-fedora-clang
Version: 1.1.3
Check: tests
Result: ERROR
Running ‘testthat.R’ [46s/60s]
Running the tests in ‘tests/testthat.R’ failed.
Complete output:
> library(testthat)
> library(bayesAB)
>
> test_check("bayesAB")
[ FAIL 1 | WARN 5 | SKIP 0 | PASS 140 ]
══ Failed tests ════════════════════════════════════════════════════════════════
── Failure ('test-dists.R:34:3'): Success ──────────────────────────────────────
plotNormalInvGamma(3, 1, 1, 1)$labels$y not equal to "sig_sq".
target is NULL, current is character
[ FAIL 1 | WARN 5 | SKIP 0 | PASS 140 ]
Error: Test failures
Execution halted
Flavor: r-devel-linux-x86_64-fedora-gcc
Version: 1.1.3
Check: tests
Result: ERROR
Running 'testthat.R' [28s]
Running the tests in 'tests/testthat.R' failed.
Complete output:
> library(testthat)
> library(bayesAB)
>
> test_check("bayesAB")
[ FAIL 1 | WARN 5 | SKIP 0 | PASS 140 ]
══ Failed tests ════════════════════════════════════════════════════════════════
── Failure ('test-dists.R:34:3'): Success ──────────────────────────────────────
plotNormalInvGamma(3, 1, 1, 1)$labels$y not equal to "sig_sq".
target is NULL, current is character
[ FAIL 1 | WARN 5 | SKIP 0 | PASS 140 ]
Error: Test failures
Execution halted
Flavor: r-devel-windows-x86_64
Version: 1.1.3
Check: tests
Result: ERROR
Running ‘testthat.R’ [29s/39s]
Running the tests in ‘tests/testthat.R’ failed.
Complete output:
> library(testthat)
> library(bayesAB)
>
> test_check("bayesAB")
[ FAIL 1 | WARN 5 | SKIP 0 | PASS 140 ]
══ Failed tests ════════════════════════════════════════════════════════════════
── Failure ('test-dists.R:34:3'): Success ──────────────────────────────────────
plotNormalInvGamma(3, 1, 1, 1)$labels$y not equal to "sig_sq".
target is NULL, current is character
[ FAIL 1 | WARN 5 | SKIP 0 | PASS 140 ]
Error: Test failures
Execution halted
Flavor: r-patched-linux-x86_64
Version: 1.1.3
Check: tests
Result: ERROR
Running ‘testthat.R’ [28s/37s]
Running the tests in ‘tests/testthat.R’ failed.
Complete output:
> library(testthat)
> library(bayesAB)
>
> test_check("bayesAB")
[ FAIL 1 | WARN 5 | SKIP 0 | PASS 140 ]
══ Failed tests ════════════════════════════════════════════════════════════════
── Failure ('test-dists.R:34:3'): Success ──────────────────────────────────────
plotNormalInvGamma(3, 1, 1, 1)$labels$y not equal to "sig_sq".
target is NULL, current is character
[ FAIL 1 | WARN 5 | SKIP 0 | PASS 140 ]
Error: Test failures
Execution halted
Flavor: r-release-linux-x86_64
Version: 1.1.3
Check: tests
Result: ERROR
Running 'testthat.R' [26s]
Running the tests in 'tests/testthat.R' failed.
Complete output:
> library(testthat)
> library(bayesAB)
>
> test_check("bayesAB")
[ FAIL 1 | WARN 5 | SKIP 0 | PASS 140 ]
══ Failed tests ════════════════════════════════════════════════════════════════
── Failure ('test-dists.R:34:3'): Success ──────────────────────────────────────
plotNormalInvGamma(3, 1, 1, 1)$labels$y not equal to "sig_sq".
target is NULL, current is character
[ FAIL 1 | WARN 5 | SKIP 0 | PASS 140 ]
Error: Test failures
Execution halted
Flavor: r-release-windows-x86_64
Version: 1.1.3
Check: tests
Result: ERROR
Running 'testthat.R' [34s]
Running the tests in 'tests/testthat.R' failed.
Complete output:
> library(testthat)
> library(bayesAB)
>
> test_check("bayesAB")
[ FAIL 1 | WARN 5 | SKIP 0 | PASS 140 ]
══ Failed tests ════════════════════════════════════════════════════════════════
── Failure ('test-dists.R:34:3'): Success ──────────────────────────────────────
plotNormalInvGamma(3, 1, 1, 1)$labels$y not equal to "sig_sq".
target is NULL, current is character
[ FAIL 1 | WARN 5 | SKIP 0 | PASS 140 ]
Error: Test failures
Execution halted
Flavor: r-oldrel-windows-x86_64
These binaries (installable software) and packages are in development.
They may not be fully stable and should be used with caution. We make no claims about them.