Last updated on 2025-05-28 15:49:54 CEST.
Flavor | Version | Tinstall | Tcheck | Ttotal | Status | Flags |
---|---|---|---|---|---|---|
r-devel-linux-x86_64-debian-clang | 1.1.3 | 12.31 | 78.69 | 91.00 | NOTE | |
r-devel-linux-x86_64-debian-gcc | 1.1.3 | 7.60 | 58.05 | 65.65 | NOTE | |
r-devel-linux-x86_64-fedora-clang | 1.1.3 | 146.05 | NOTE | |||
r-devel-linux-x86_64-fedora-gcc | 1.1.3 | 154.92 | NOTE | |||
r-devel-windows-x86_64 | 1.1.3 | 18.00 | 111.00 | 129.00 | NOTE | |
r-patched-linux-x86_64 | 1.1.3 | 10.80 | 74.81 | 85.61 | NOTE | |
r-release-linux-x86_64 | 1.1.3 | 10.15 | 76.33 | 86.48 | NOTE | |
r-release-macos-arm64 | 1.1.3 | 77.00 | NOTE | |||
r-release-macos-x86_64 | 1.1.3 | 106.00 | NOTE | |||
r-release-windows-x86_64 | 1.1.3 | 18.00 | 111.00 | 129.00 | NOTE | |
r-oldrel-macos-arm64 | 1.1.3 | 50.00 | NOTE | |||
r-oldrel-macos-x86_64 | 1.1.3 | 77.00 | NOTE | |||
r-oldrel-windows-x86_64 | 1.1.3 | 21.00 | 136.00 | 157.00 | NOTE |
Version: 1.1.3
Check: Rd files
Result: NOTE
checkRd: (-1) plotDistributions.Rd:32: Lost braces
32 | plot{...} functions are generated programmatically so the function calls in
| ^
Flavors: r-devel-linux-x86_64-debian-clang, r-devel-linux-x86_64-debian-gcc, r-devel-linux-x86_64-fedora-clang, r-devel-linux-x86_64-fedora-gcc, r-devel-windows-x86_64, r-patched-linux-x86_64, r-release-linux-x86_64, r-release-macos-arm64, r-release-macos-x86_64, r-release-windows-x86_64, r-oldrel-macos-arm64, r-oldrel-macos-x86_64, r-oldrel-windows-x86_64
These binaries (installable software) and packages are in development.
They may not be fully stable and should be used with caution. We make no claims about them.