Last updated on 2025-11-11 15:50:27 CET.
| Flavor | Version | Tinstall | Tcheck | Ttotal | Status | Flags |
|---|---|---|---|---|---|---|
| r-devel-linux-x86_64-debian-clang | 1.3.7 | 43.80 | 178.30 | 222.10 | OK | |
| r-devel-linux-x86_64-debian-gcc | 1.3.7 | 27.54 | 127.41 | 154.95 | OK | |
| r-devel-linux-x86_64-fedora-clang | 1.3.7 | 94.00 | 263.42 | 357.42 | OK | |
| r-devel-linux-x86_64-fedora-gcc | 1.3.7 | 72.00 | 277.25 | 349.25 | OK | |
| r-devel-windows-x86_64 | 1.3.7 | 51.00 | 170.00 | 221.00 | OK | |
| r-patched-linux-x86_64 | 1.3.7 | 45.01 | 170.68 | 215.69 | OK | |
| r-release-linux-x86_64 | 1.3.7 | 40.53 | 169.97 | 210.50 | OK | |
| r-release-macos-arm64 | 1.3.7 | 23.00 | 93.00 | 116.00 | OK | |
| r-release-macos-x86_64 | 1.3.7 | 25.00 | 125.00 | 150.00 | OK | |
| r-release-windows-x86_64 | 1.3.7 | 51.00 | 171.00 | 222.00 | OK | |
| r-oldrel-macos-arm64 | 1.3.7 | 14.00 | 68.00 | 82.00 | NOTE | |
| r-oldrel-macos-x86_64 | 1.3.7 | 38.00 | 170.00 | 208.00 | NOTE | |
| r-oldrel-windows-x86_64 | 1.3.7 | 64.00 | 226.00 | 290.00 | OK |
Version: 1.3.7
Check: installed package size
Result: NOTE
installed size is 5.3Mb
sub-directories of 1Mb or more:
doc 2.2Mb
libs 2.4Mb
Flavors: r-oldrel-macos-arm64, r-oldrel-macos-x86_64
These binaries (installable software) and packages are in development.
They may not be fully stable and should be used with caution. We make no claims about them.