Last updated on 2025-07-22 19:51:43 CEST.
Flavor | Version | Tinstall | Tcheck | Ttotal | Status | Flags |
---|---|---|---|---|---|---|
r-devel-linux-x86_64-debian-clang | 1.3.7 | 42.82 | 154.66 | 197.48 | OK | |
r-devel-linux-x86_64-debian-gcc | 1.3.7 | 28.92 | 111.71 | 140.63 | OK | |
r-devel-linux-x86_64-fedora-clang | 1.3.7 | 318.50 | OK | |||
r-devel-linux-x86_64-fedora-gcc | 1.3.7 | 307.59 | OK | |||
r-devel-windows-x86_64 | 1.3.7 | 48.00 | 149.00 | 197.00 | OK | |
r-patched-linux-x86_64 | 1.3.7 | 42.35 | 148.76 | 191.11 | OK | |
r-release-linux-x86_64 | 1.3.7 | 41.48 | 148.66 | 190.14 | OK | |
r-release-macos-arm64 | 1.3.7 | 116.00 | OK | |||
r-release-macos-x86_64 | 1.3.7 | 150.00 | OK | |||
r-release-windows-x86_64 | 1.3.7 | 51.00 | 156.00 | 207.00 | OK | |
r-oldrel-macos-arm64 | 1.3.7 | 82.00 | NOTE | |||
r-oldrel-macos-x86_64 | 1.3.7 | 208.00 | NOTE | |||
r-oldrel-windows-x86_64 | 1.3.7 | 59.00 | 201.00 | 260.00 | OK |
Version: 1.3.7
Check: installed package size
Result: NOTE
installed size is 5.3Mb
sub-directories of 1Mb or more:
doc 2.2Mb
libs 2.4Mb
Flavors: r-oldrel-macos-arm64, r-oldrel-macos-x86_64
These binaries (installable software) and packages are in development.
They may not be fully stable and should be used with caution. We make no claims about them.