CRAN Package Check Results for Package bayesDP

Last updated on 2025-05-08 04:51:59 CEST.

Flavor Version Tinstall Tcheck Ttotal Status Flags
r-devel-linux-x86_64-debian-clang 1.3.7 44.98 155.40 200.38 OK
r-devel-linux-x86_64-debian-gcc 1.3.7 29.99 109.31 139.30 OK
r-devel-linux-x86_64-fedora-clang 1.3.7 309.84 OK
r-devel-linux-x86_64-fedora-gcc 1.3.7 325.53 OK
r-devel-windows-x86_64 1.3.7 51.00 152.00 203.00 OK
r-patched-linux-x86_64 1.3.7 39.53 148.06 187.59 OK
r-release-linux-x86_64 1.3.7 39.21 148.57 187.78 OK
r-release-macos-arm64 1.3.7 116.00 OK
r-release-macos-x86_64 1.3.7 150.00 OK
r-release-windows-x86_64 1.3.7 51.00 154.00 205.00 OK
r-oldrel-macos-arm64 1.3.7 82.00 NOTE
r-oldrel-macos-x86_64 1.3.7 208.00 NOTE
r-oldrel-windows-x86_64 1.3.7 59.00 198.00 257.00 OK

Check Details

Version: 1.3.7
Check: installed package size
Result: NOTE installed size is 5.3Mb sub-directories of 1Mb or more: doc 2.2Mb libs 2.4Mb Flavors: r-oldrel-macos-arm64, r-oldrel-macos-x86_64

These binaries (installable software) and packages are in development.
They may not be fully stable and should be used with caution. We make no claims about them.