Last updated on 2025-02-07 10:49:15 CET.
Flavor | Version | Tinstall | Tcheck | Ttotal | Status | Flags |
---|---|---|---|---|---|---|
r-devel-linux-x86_64-debian-clang | 1.3.7 | 41.11 | 147.63 | 188.74 | OK | |
r-devel-linux-x86_64-debian-gcc | 1.3.7 | 28.67 | 104.72 | 133.39 | OK | |
r-devel-linux-x86_64-fedora-clang | 1.3.7 | 325.97 | OK | |||
r-devel-linux-x86_64-fedora-gcc | 1.3.7 | 323.81 | OK | |||
r-devel-windows-x86_64 | 1.3.7 | 45.00 | 150.00 | 195.00 | OK | |
r-patched-linux-x86_64 | 1.3.7 | 41.28 | 143.55 | 184.83 | OK | |
r-release-linux-x86_64 | 1.3.7 | 39.89 | 137.33 | 177.22 | OK | |
r-release-macos-arm64 | 1.3.7 | 82.00 | NOTE | |||
r-release-macos-x86_64 | 1.3.7 | 208.00 | NOTE | |||
r-release-windows-x86_64 | 1.3.7 | 46.00 | 159.00 | 205.00 | OK | |
r-oldrel-macos-arm64 | 1.3.7 | 83.00 | NOTE | |||
r-oldrel-macos-x86_64 | 1.3.7 | 163.00 | NOTE | |||
r-oldrel-windows-x86_64 | 1.3.7 | 55.00 | 184.00 | 239.00 | OK |
Version: 1.3.7
Check: installed package size
Result: NOTE
installed size is 5.3Mb
sub-directories of 1Mb or more:
doc 2.2Mb
libs 2.4Mb
Flavors: r-release-macos-arm64, r-release-macos-x86_64, r-oldrel-macos-arm64, r-oldrel-macos-x86_64
These binaries (installable software) and packages are in development.
They may not be fully stable and should be used with caution. We make no claims about them.