Last updated on 2025-02-19 16:50:41 CET.
Flavor | Version | Tinstall | Tcheck | Ttotal | Status | Flags |
---|---|---|---|---|---|---|
r-devel-linux-x86_64-debian-clang | 0.6-1 | 53.49 | 91.53 | 145.02 | OK | |
r-devel-linux-x86_64-debian-gcc | 0.6-1 | 40.35 | 75.35 | 115.70 | OK | |
r-devel-linux-x86_64-fedora-clang | 0.6-1 | 253.02 | OK | |||
r-devel-linux-x86_64-fedora-gcc | 0.6-1 | 273.08 | OK | |||
r-devel-macos-arm64 | 0.6-1 | 78.00 | OK | |||
r-devel-macos-x86_64 | 0.6-1 | 144.00 | OK | |||
r-devel-windows-x86_64 | 0.6-1 | 57.00 | 153.00 | 210.00 | OK | |
r-patched-linux-x86_64 | 0.6-1 | 53.31 | 94.10 | 147.41 | OK | |
r-release-linux-x86_64 | 0.6-1 | 57.22 | 91.45 | 148.67 | OK | |
r-release-macos-arm64 | 0.6-1 | 78.00 | NOTE | |||
r-release-macos-x86_64 | 0.6-1 | 130.00 | NOTE | |||
r-release-windows-x86_64 | 0.6-1 | 56.00 | 147.00 | 203.00 | OK | |
r-oldrel-macos-arm64 | 0.6-1 | 90.00 | NOTE | |||
r-oldrel-macos-x86_64 | 0.6-1 | 150.00 | NOTE | |||
r-oldrel-windows-x86_64 | 0.6-1 | 73.00 | 167.00 | 240.00 | OK |
Version: 0.6-1
Check: installed package size
Result: NOTE
installed size is 8.0Mb
sub-directories of 1Mb or more:
data 2.7Mb
libs 4.5Mb
Flavors: r-release-macos-arm64, r-release-macos-x86_64, r-oldrel-macos-arm64, r-oldrel-macos-x86_64
These binaries (installable software) and packages are in development.
They may not be fully stable and should be used with caution. We make no claims about them.