Last updated on 2025-05-01 17:55:57 CEST.
Flavor | Version | Tinstall | Tcheck | Ttotal | Status | Flags |
---|---|---|---|---|---|---|
r-devel-linux-x86_64-debian-clang | 1.0-0 | 5.53 | 50.55 | 56.08 | NOTE | |
r-devel-linux-x86_64-debian-gcc | 1.0-0 | 3.68 | 35.62 | 39.30 | OK | |
r-devel-linux-x86_64-fedora-clang | 1.0-0 | 88.62 | OK | |||
r-devel-linux-x86_64-fedora-gcc | 1.0-0 | 83.05 | OK | |||
r-devel-windows-x86_64 | 1.0-0 | 6.00 | 79.00 | 85.00 | OK | |
r-patched-linux-x86_64 | 1.0-0 | 5.94 | 49.08 | 55.02 | OK | |
r-release-linux-x86_64 | OK | |||||
r-release-macos-arm64 | 1.0-0 | 30.00 | OK | |||
r-release-macos-x86_64 | 1.0-0 | 55.00 | OK | |||
r-release-windows-x86_64 | 1.0-0 | 6.00 | 87.00 | 93.00 | OK | |
r-oldrel-macos-arm64 | 1.0-0 | 30.00 | OK | |||
r-oldrel-macos-x86_64 | 1.0-0 | 67.00 | OK | |||
r-oldrel-windows-x86_64 | 1.0-0 | 9.00 | 85.00 | 94.00 | OK |
Version: 1.0-0
Check: examples
Result: NOTE
Examples with CPU (user + system) or elapsed time > 5s
user system elapsed
mig.predict 3.431 0.296 5.017
Flavor: r-devel-linux-x86_64-debian-clang
These binaries (installable software) and packages are in development.
They may not be fully stable and should be used with caution. We make no claims about them.