CRAN Package Check Results for Package bayesQRsurvey

Last updated on 2025-11-13 15:51:04 CET.

Flavor Version Tinstall Tcheck Ttotal Status Flags
r-devel-linux-x86_64-debian-clang 0.1.4 83.02 52.45 135.47 OK
r-devel-linux-x86_64-debian-gcc 0.1.4 58.51 40.57 99.08 OK
r-devel-linux-x86_64-fedora-clang 0.1.4 143.00 98.02 241.02 OK
r-devel-linux-x86_64-fedora-gcc 0.1.4 122.00 112.08 234.08 OK
r-devel-windows-x86_64 0.1.4 92.00 83.00 175.00 OK
r-patched-linux-x86_64 0.1.4 83.66 52.60 136.26 OK
r-release-linux-x86_64 0.1.4 82.36 53.12 135.48 OK
r-release-macos-arm64 0.1.4 45.00 58.00 103.00 OK
r-release-macos-x86_64 0.1.4 56.00 60.00 116.00 OK
r-release-windows-x86_64 0.1.4 96.00 84.00 180.00 OK
r-oldrel-macos-arm64 0.1.4 31.00 32.00 63.00 NOTE
r-oldrel-macos-x86_64 0.1.4 51.00 65.00 116.00 NOTE
r-oldrel-windows-x86_64 0.1.4 109.00 104.00 213.00 OK

Check Details

Version: 0.1.4
Check: installed package size
Result: NOTE installed size is 12.8Mb sub-directories of 1Mb or more: libs 12.6Mb Flavors: r-oldrel-macos-arm64, r-oldrel-macos-x86_64

These binaries (installable software) and packages are in development.
They may not be fully stable and should be used with caution. We make no claims about them.