Last updated on 2025-10-23 21:51:21 CEST.
Flavor | Version | Tinstall | Tcheck | Ttotal | Status | Flags |
---|---|---|---|---|---|---|
r-devel-linux-x86_64-debian-clang | 3.8 | 120.71 | 108.31 | 229.02 | OK | |
r-devel-linux-x86_64-debian-gcc | 3.8 | 79.37 | 72.03 | 151.40 | OK | |
r-devel-linux-x86_64-fedora-clang | 3.8 | 720.00 | -206.98 | 513.02 | OK | |
r-devel-linux-x86_64-fedora-gcc | 3.8 | 289.00 | 91.18 | 380.18 | OK | |
r-devel-windows-x86_64 | 3.8 | 158.00 | 140.00 | 298.00 | OK | |
r-patched-linux-x86_64 | 3.8 | 119.79 | 103.69 | 223.48 | OK | |
r-release-linux-x86_64 | 3.8 | 117.42 | 104.17 | 221.59 | OK | |
r-release-macos-arm64 | 3.8 | 51.00 | 48.00 | 99.00 | OK | |
r-release-macos-x86_64 | 3.8 | 48.00 | 93.00 | 141.00 | OK | |
r-release-windows-x86_64 | 3.8 | 159.00 | 147.00 | 306.00 | OK | |
r-oldrel-macos-arm64 | 3.8 | 42.00 | 42.00 | 84.00 | NOTE | |
r-oldrel-macos-x86_64 | 3.8 | 41.00 | 80.00 | 121.00 | NOTE | |
r-oldrel-windows-x86_64 | 3.8 | 182.00 | 178.00 | 360.00 | OK |
Version: 3.8
Check: installed package size
Result: NOTE
installed size is 5.9Mb
sub-directories of 1Mb or more:
libs 4.7Mb
Flavors: r-oldrel-macos-arm64, r-oldrel-macos-x86_64
These binaries (installable software) and packages are in development.
They may not be fully stable and should be used with caution. We make no claims about them.