Last updated on 2025-07-26 01:50:44 CEST.
Flavor | Version | Tinstall | Tcheck | Ttotal | Status | Flags |
---|---|---|---|---|---|---|
r-devel-linux-x86_64-debian-clang | 3.8 | 121.05 | 103.79 | 224.84 | OK | |
r-devel-linux-x86_64-debian-gcc | 3.8 | 82.32 | 73.67 | 155.99 | OK | |
r-devel-linux-x86_64-fedora-clang | 3.8 | 487.19 | OK | |||
r-devel-linux-x86_64-fedora-gcc | 3.8 | 376.36 | OK | |||
r-devel-windows-x86_64 | 3.8 | 156.00 | 153.00 | 309.00 | OK | |
r-patched-linux-x86_64 | 3.8 | 123.34 | 100.27 | 223.61 | OK | |
r-release-linux-x86_64 | 3.8 | 120.11 | 102.18 | 222.29 | OK | |
r-release-macos-arm64 | 3.8 | 99.00 | OK | |||
r-release-macos-x86_64 | 3.8 | 141.00 | OK | |||
r-release-windows-x86_64 | 3.8 | 160.00 | 173.00 | 333.00 | OK | |
r-oldrel-macos-arm64 | 3.8 | 84.00 | NOTE | |||
r-oldrel-macos-x86_64 | 3.8 | 121.00 | NOTE | |||
r-oldrel-windows-x86_64 | 3.8 | 184.00 | 179.00 | 363.00 | OK |
Version: 3.8
Check: installed package size
Result: NOTE
installed size is 5.9Mb
sub-directories of 1Mb or more:
libs 4.7Mb
Flavors: r-oldrel-macos-arm64, r-oldrel-macos-x86_64
These binaries (installable software) and packages are in development.
They may not be fully stable and should be used with caution. We make no claims about them.