Last updated on 2025-05-23 11:55:49 CEST.
Flavor | Version | Tinstall | Tcheck | Ttotal | Status | Flags |
---|---|---|---|---|---|---|
r-devel-linux-x86_64-debian-clang | 3.8 | 121.44 | 105.02 | 226.46 | OK | |
r-devel-linux-x86_64-debian-gcc | 3.8 | 82.03 | 74.89 | 156.92 | OK | |
r-devel-linux-x86_64-fedora-clang | 3.8 | 489.02 | OK | |||
r-devel-linux-x86_64-fedora-gcc | 3.8 | 420.29 | OK | |||
r-devel-windows-x86_64 | 3.8 | 156.00 | 207.00 | 363.00 | OK | |
r-patched-linux-x86_64 | 3.8 | 119.81 | 98.62 | 218.43 | OK | |
r-release-linux-x86_64 | 3.8 | 118.57 | 100.55 | 219.12 | OK | |
r-release-macos-arm64 | 3.8 | 99.00 | OK | |||
r-release-macos-x86_64 | 3.8 | 141.00 | OK | |||
r-release-windows-x86_64 | 3.8 | 163.00 | 199.00 | 362.00 | OK | |
r-oldrel-macos-arm64 | 3.8 | 84.00 | NOTE | |||
r-oldrel-macos-x86_64 | 3.8 | 121.00 | NOTE | |||
r-oldrel-windows-x86_64 | 3.8 | 184.00 | 175.00 | 359.00 | OK |
Version: 3.8
Check: installed package size
Result: NOTE
installed size is 5.9Mb
sub-directories of 1Mb or more:
libs 4.7Mb
Flavors: r-oldrel-macos-arm64, r-oldrel-macos-x86_64
These binaries (installable software) and packages are in development.
They may not be fully stable and should be used with caution. We make no claims about them.