CRAN Package Check Results for Package bayesTFR

Last updated on 2025-07-19 13:50:06 CEST.

Flavor Version Tinstall Tcheck Ttotal Status Flags
r-devel-linux-x86_64-debian-clang 7.4-4 18.86 107.06 125.92 OK
r-devel-linux-x86_64-debian-gcc 7.4-4 10.81 70.01 80.82 OK
r-devel-linux-x86_64-fedora-clang 7.4-4 195.01 OK
r-devel-linux-x86_64-fedora-gcc 7.4-4 183.76 OK
r-devel-windows-x86_64 7.4-4 26.00 114.00 140.00 OK
r-patched-linux-x86_64 7.4-4 19.09 100.27 119.36 OK
r-release-linux-x86_64 7.4-4 13.34 98.62 111.96 OK
r-release-macos-arm64 7.4-4 57.00 OK
r-release-macos-x86_64 7.4-4 103.00 OK
r-release-windows-x86_64 7.4-4 27.00 113.00 140.00 OK
r-oldrel-macos-arm64 7.4-4 51.00 NOTE
r-oldrel-macos-x86_64 7.4-4 129.00 NOTE
r-oldrel-windows-x86_64 7.4-4 30.00 141.00 171.00 OK

Check Details

Version: 7.4-4
Check: installed package size
Result: NOTE installed size is 5.8Mb sub-directories of 1Mb or more: ex-data 4.6Mb Flavors: r-oldrel-macos-arm64, r-oldrel-macos-x86_64

These binaries (installable software) and packages are in development.
They may not be fully stable and should be used with caution. We make no claims about them.