Last updated on 2025-10-24 03:50:22 CEST.
| Flavor | Version | Tinstall | Tcheck | Ttotal | Status | Flags |
|---|---|---|---|---|---|---|
| r-devel-linux-x86_64-debian-clang | 7.4-4 | 16.35 | 109.33 | 125.68 | OK | |
| r-devel-linux-x86_64-debian-gcc | 7.4-4 | 10.02 | 72.13 | 82.15 | OK | |
| r-devel-linux-x86_64-fedora-clang | 7.4-4 | 44.00 | 157.05 | 201.05 | OK | |
| r-devel-linux-x86_64-fedora-gcc | 7.4-4 | 42.00 | 142.90 | 184.90 | OK | |
| r-devel-windows-x86_64 | 7.4-4 | 23.00 | 114.00 | 137.00 | OK | |
| r-patched-linux-x86_64 | 7.4-4 | 18.14 | 104.69 | 122.83 | OK | |
| r-release-linux-x86_64 | 7.4-4 | 15.38 | 102.71 | 118.09 | OK | |
| r-release-macos-arm64 | 7.4-4 | 9.00 | 48.00 | 57.00 | OK | |
| r-release-macos-x86_64 | 7.4-4 | 16.00 | 87.00 | 103.00 | OK | |
| r-release-windows-x86_64 | 7.4-4 | 24.00 | 114.00 | 138.00 | OK | |
| r-oldrel-macos-arm64 | 7.4-4 | 8.00 | 43.00 | 51.00 | NOTE | |
| r-oldrel-macos-x86_64 | 7.4-4 | 25.00 | 104.00 | 129.00 | NOTE | |
| r-oldrel-windows-x86_64 | 7.4-4 | 35.00 | 143.00 | 178.00 | OK |
Version: 7.4-4
Check: installed package size
Result: NOTE
installed size is 5.8Mb
sub-directories of 1Mb or more:
ex-data 4.6Mb
Flavors: r-oldrel-macos-arm64, r-oldrel-macos-x86_64
These binaries (installable software) and packages are in development.
They may not be fully stable and should be used with caution. We make no claims about them.