Last updated on 2025-11-11 15:50:28 CET.
| Flavor | Version | Tinstall | Tcheck | Ttotal | Status | Flags |
|---|---|---|---|---|---|---|
| r-devel-linux-x86_64-debian-clang | 0.1.4 | 90.35 | 106.87 | 197.22 | OK | |
| r-devel-linux-x86_64-debian-gcc | 0.1.4 | 57.51 | 76.08 | 133.59 | OK | |
| r-devel-linux-x86_64-fedora-clang | 0.1.4 | 231.00 | 115.77 | 346.77 | OK | |
| r-devel-linux-x86_64-fedora-gcc | 0.1.4 | 156.00 | 162.01 | 318.01 | OK | |
| r-devel-windows-x86_64 | 0.1.4 | 104.00 | 118.00 | 222.00 | OK | |
| r-patched-linux-x86_64 | 0.1.4 | 89.02 | 99.90 | 188.92 | OK | |
| r-release-linux-x86_64 | 0.1.4 | 87.45 | 99.14 | 186.59 | OK | |
| r-release-macos-arm64 | 0.1.4 | 35.00 | 47.00 | 82.00 | OK | |
| r-release-macos-x86_64 | 0.1.4 | 37.00 | 104.00 | 141.00 | OK | |
| r-release-windows-x86_64 | 0.1.4 | 106.00 | 117.00 | 223.00 | OK | |
| r-oldrel-macos-arm64 | 0.1.4 | 35.00 | 52.00 | 87.00 | NOTE | |
| r-oldrel-macos-x86_64 | 0.1.4 | 36.00 | 85.00 | 121.00 | NOTE | |
| r-oldrel-windows-x86_64 | 0.1.4 | 125.00 | 154.00 | 279.00 | OK |
Version: 0.1.4
Check: installed package size
Result: NOTE
installed size is 7.1Mb
sub-directories of 1Mb or more:
help 2.2Mb
libs 4.7Mb
Flavors: r-oldrel-macos-arm64, r-oldrel-macos-x86_64
These binaries (installable software) and packages are in development.
They may not be fully stable and should be used with caution. We make no claims about them.