Last updated on 2025-05-01 12:49:23 CEST.
Flavor | Version | Tinstall | Tcheck | Ttotal | Status | Flags |
---|---|---|---|---|---|---|
r-devel-linux-x86_64-debian-clang | 0.3.0 | 13.30 | 109.19 | 122.49 | NOTE | |
r-devel-linux-x86_64-debian-gcc | 0.3.0 | 8.94 | 77.57 | 86.51 | OK | |
r-devel-linux-x86_64-fedora-clang | 0.3.0 | 197.98 | OK | |||
r-devel-linux-x86_64-fedora-gcc | 0.3.0 | 167.35 | OK | |||
r-devel-windows-x86_64 | 0.3.0 | 14.00 | 114.00 | 128.00 | OK | |
r-patched-linux-x86_64 | 0.3.0 | 11.45 | 99.96 | 111.41 | OK | |
r-release-linux-x86_64 | OK | |||||
r-release-macos-arm64 | 0.3.0 | 48.00 | OK | |||
r-release-macos-x86_64 | 0.3.0 | 154.00 | OK | |||
r-release-windows-x86_64 | 0.3.0 | 14.00 | 112.00 | 126.00 | OK | |
r-oldrel-macos-arm64 | 0.3.0 | 50.00 | OK | |||
r-oldrel-macos-x86_64 | 0.3.0 | 87.00 | OK | |||
r-oldrel-windows-x86_64 | 0.3.0 | 17.00 | 142.00 | 159.00 | OK |
Version: 0.3.0
Check: examples
Result: NOTE
Examples with CPU (user + system) or elapsed time > 5s
user system elapsed
bayes_ammi 8.689 0.374 10.634
Flavor: r-devel-linux-x86_64-debian-clang
Version: 0.3.0
Check: examples
Result: NA
user system elapsed
bayes_ammi 5.152 0.221 6.765
OK
Flavor: r-devel-linux-x86_64-debian-gcc
These binaries (installable software) and packages are in development.
They may not be fully stable and should be used with caution. We make no claims about them.