Last updated on 2025-05-01 08:52:27 CEST.
Flavor | Version | Tinstall | Tcheck | Ttotal | Status | Flags |
---|---|---|---|---|---|---|
r-devel-linux-x86_64-debian-clang | 0.2.3 | 1.79 | 29.80 | 31.59 | NOTE | |
r-devel-linux-x86_64-debian-gcc | 0.2.3 | 1.67 | 23.54 | 25.21 | OK | |
r-devel-linux-x86_64-fedora-clang | 0.2.3 | 50.93 | OK | |||
r-devel-linux-x86_64-fedora-gcc | 0.2.3 | 46.64 | OK | |||
r-devel-windows-x86_64 | 0.2.3 | 3.00 | 50.00 | 53.00 | OK | |
r-patched-linux-x86_64 | 0.2.3 | 1.94 | 27.49 | 29.43 | OK | |
r-release-linux-x86_64 | OK | |||||
r-release-macos-arm64 | 0.2.3 | 20.00 | OK | |||
r-release-macos-x86_64 | 0.2.3 | 33.00 | OK | |||
r-release-windows-x86_64 | 0.2.3 | 3.00 | 53.00 | 56.00 | OK | |
r-oldrel-macos-arm64 | 0.2.3 | 34.00 | OK | |||
r-oldrel-macos-x86_64 | 0.2.3 | 53.00 | OK | |||
r-oldrel-windows-x86_64 | 0.2.3 | 3.00 | 55.00 | 58.00 | OK |
Version: 0.2.3
Check: examples
Result: NOTE
Examples with CPU (user + system) or elapsed time > 5s
user system elapsed
bayesboot 5.756 0.026 6.867
Flavor: r-devel-linux-x86_64-debian-clang
These binaries (installable software) and packages are in development.
They may not be fully stable and should be used with caution. We make no claims about them.