CRAN Package Check Results for Package bayesdistreg

Last updated on 2025-05-28 21:49:59 CEST.

Flavor Version Tinstall Tcheck Ttotal Status Flags
r-devel-linux-x86_64-debian-clang 0.1.0 2.01 30.94 32.95 NOTE
r-devel-linux-x86_64-debian-gcc 0.1.0 1.76 22.45 24.21 NOTE
r-devel-linux-x86_64-fedora-clang 0.1.0 53.43 NOTE
r-devel-linux-x86_64-fedora-gcc 0.1.0 51.15 NOTE
r-devel-windows-x86_64 0.1.0 3.00 61.00 64.00 NOTE
r-patched-linux-x86_64 0.1.0 2.54 29.65 32.19 NOTE
r-release-linux-x86_64 0.1.0 2.24 29.71 31.95 NOTE
r-release-macos-arm64 0.1.0 22.00 NOTE
r-release-macos-x86_64 0.1.0 38.00 NOTE
r-release-windows-x86_64 0.1.0 4.00 67.00 71.00 NOTE
r-oldrel-macos-arm64 0.1.0 23.00 NOTE
r-oldrel-macos-x86_64 0.1.0 38.00 NOTE
r-oldrel-windows-x86_64 0.1.0 4.00 72.00 76.00 NOTE

Check Details

Version: 0.1.0
Check: package subdirectories
Result: NOTE Problems with news in ‘NEWS.md’: No news entries found. Flavors: r-devel-linux-x86_64-debian-clang, r-devel-linux-x86_64-debian-gcc, r-devel-linux-x86_64-fedora-clang, r-devel-linux-x86_64-fedora-gcc, r-devel-windows-x86_64, r-patched-linux-x86_64, r-release-linux-x86_64, r-release-macos-arm64, r-release-macos-x86_64, r-release-windows-x86_64, r-oldrel-macos-arm64, r-oldrel-macos-x86_64, r-oldrel-windows-x86_64

Version: 0.1.0
Check: LazyData
Result: NOTE 'LazyData' is specified without a 'data' directory Flavors: r-oldrel-macos-arm64, r-oldrel-macos-x86_64, r-oldrel-windows-x86_64

These binaries (installable software) and packages are in development.
They may not be fully stable and should be used with caution. We make no claims about them.