Last updated on 2025-10-03 07:49:34 CEST.
Flavor | Version | Tinstall | Tcheck | Ttotal | Status | Flags |
---|---|---|---|---|---|---|
r-devel-linux-x86_64-debian-clang | 1.0.5 | 655.43 | 352.04 | 1007.47 | OK | |
r-devel-linux-x86_64-debian-gcc | 1.0.5 | 523.81 | 297.09 | 820.90 | OK | |
r-devel-linux-x86_64-fedora-clang | 1.0.5 | 1453.50 | OK | |||
r-devel-linux-x86_64-fedora-gcc | 1.0.5 | 1960.57 | OK | |||
r-devel-windows-x86_64 | 1.0.5 | 615.00 | 406.00 | 1021.00 | OK | |
r-patched-linux-x86_64 | 1.0.5 | 694.07 | 399.14 | 1093.21 | OK | |
r-release-linux-x86_64 | 1.0.5 | 692.99 | 395.38 | 1088.37 | OK | |
r-release-macos-arm64 | 1.0.5 | 289.00 | OK | |||
r-release-macos-x86_64 | 1.0.5 | 339.00 | OK | |||
r-release-windows-x86_64 | 1.0.5 | 623.00 | 403.00 | 1026.00 | OK | |
r-oldrel-macos-arm64 | 1.0.5 | 367.00 | NOTE | |||
r-oldrel-macos-x86_64 | 1.0.5 | 458.00 | NOTE | |||
r-oldrel-windows-x86_64 | 1.0.5 | 764.00 | 527.00 | 1291.00 | NOTE |
Version: 1.0.5
Check: installed package size
Result: NOTE
installed size is 121.4Mb
sub-directories of 1Mb or more:
doc 2.0Mb
libs 118.3Mb
Flavors: r-oldrel-macos-arm64, r-oldrel-macos-x86_64, r-oldrel-windows-x86_64
Version: 1.0.5
Check: for GNU extensions in Makefiles
Result: NOTE
GNU make is a SystemRequirements.
Flavors: r-oldrel-macos-arm64, r-oldrel-macos-x86_64, r-oldrel-windows-x86_64
These binaries (installable software) and packages are in development.
They may not be fully stable and should be used with caution. We make no claims about them.