CRAN Package Check Results for Package bayesforecast

Last updated on 2025-07-22 19:51:43 CEST.

Flavor Version Tinstall Tcheck Ttotal Status Flags
r-devel-linux-x86_64-debian-clang 1.0.5 657.36 335.53 992.89 OK
r-devel-linux-x86_64-debian-gcc 1.0.5 543.85 281.59 825.44 OK
r-devel-linux-x86_64-fedora-clang 1.0.5 1427.16 OK
r-devel-linux-x86_64-fedora-gcc 1.0.5 1878.73 OK
r-devel-windows-x86_64 1.0.5 617.00 387.00 1004.00 OK
r-patched-linux-x86_64 1.0.5 687.16 375.12 1062.28 OK
r-release-linux-x86_64 1.0.5 698.74 377.03 1075.77 OK
r-release-macos-arm64 1.0.5 289.00 OK
r-release-macos-x86_64 1.0.5 339.00 OK
r-release-windows-x86_64 1.0.5 616.00 393.00 1009.00 OK
r-oldrel-macos-arm64 1.0.5 367.00 NOTE
r-oldrel-macos-x86_64 1.0.5 458.00 NOTE
r-oldrel-windows-x86_64 1.0.5 770.00 515.00 1285.00 NOTE

Check Details

Version: 1.0.5
Check: installed package size
Result: NOTE installed size is 121.4Mb sub-directories of 1Mb or more: doc 2.0Mb libs 118.3Mb Flavors: r-oldrel-macos-arm64, r-oldrel-macos-x86_64, r-oldrel-windows-x86_64

Version: 1.0.5
Check: for GNU extensions in Makefiles
Result: NOTE GNU make is a SystemRequirements. Flavors: r-oldrel-macos-arm64, r-oldrel-macos-x86_64, r-oldrel-windows-x86_64

These binaries (installable software) and packages are in development.
They may not be fully stable and should be used with caution. We make no claims about them.