CRAN Package Check Results for Package bayesforecast

Last updated on 2025-02-16 10:50:42 CET.

Flavor Version Tinstall Tcheck Ttotal Status Flags
r-devel-linux-x86_64-debian-clang 1.0.1 689.91 328.37 1018.28 NOTE
r-devel-linux-x86_64-debian-gcc 1.0.1 542.47 280.20 822.67 NOTE
r-devel-linux-x86_64-fedora-clang 1.0.1 1480.71 NOTE
r-devel-linux-x86_64-fedora-gcc 1.0.1 2046.35 NOTE
r-devel-macos-arm64 1.0.1 441.00 OK
r-devel-macos-x86_64 1.0.1 781.00 OK
r-devel-windows-x86_64 1.0.1 572.00 384.00 956.00 NOTE
r-patched-linux-x86_64 1.0.1 707.61 364.58 1072.19 NOTE
r-release-linux-x86_64 1.0.1 703.88 365.60 1069.48 NOTE
r-release-macos-arm64 1.0.1 232.00 NOTE
r-release-macos-x86_64 1.0.1 245.00 NOTE
r-release-windows-x86_64 1.0.1 578.00 381.00 959.00 NOTE
r-oldrel-macos-arm64 1.0.1 364.00 NOTE
r-oldrel-macos-x86_64 1.0.1 568.00 NOTE
r-oldrel-windows-x86_64 1.0.1 803.00 480.00 1283.00 NOTE

Check Details

Version: 1.0.1
Check: Rd cross-references
Result: NOTE Found the following Rd file(s) with Rd \link{} targets missing package anchors: Holt.Rd: auto.arima Hw.Rd: auto.arima LocalLevel.Rd: auto.arima autoplot.ts.Rd: geom_forecast, fortify forecast.varstan.Rd: forecast.ts, ets, stlf fourier.Rd: seasonaldummy garch.Rd: auto.arima loo.varstan.Rd: psis, pareto-k-diagnostic, loo_compare ssm.Rd: auto.arima stan_Holt.Rd: auto.arima stan_Hw.Rd: auto.arima stan_LocalLevel.Rd: auto.arima stan_garch.Rd: auto.arima stan_ssm.Rd: auto.arima Please provide package anchors for all Rd \link{} targets not in the package itself and the base packages. Flavors: r-devel-linux-x86_64-debian-clang, r-devel-linux-x86_64-debian-gcc, r-devel-windows-x86_64

Version: 1.0.1
Check: dependencies in R code
Result: NOTE Namespaces in Imports field not imported from: ‘RcppParallel’ ‘StanHeaders’ ‘astsa’ All declared Imports should be used. Flavors: r-devel-linux-x86_64-fedora-clang, r-devel-linux-x86_64-fedora-gcc

Version: 1.0.1
Check: for GNU extensions in Makefiles
Result: NOTE GNU make is a SystemRequirements. Flavors: r-patched-linux-x86_64, r-release-linux-x86_64, r-release-macos-arm64, r-release-macos-x86_64, r-release-windows-x86_64, r-oldrel-macos-arm64, r-oldrel-macos-x86_64, r-oldrel-windows-x86_64

Version: 1.0.1
Check: installed package size
Result: NOTE installed size is 120.3Mb sub-directories of 1Mb or more: libs 118.8Mb Flavors: r-release-macos-arm64, r-release-macos-x86_64, r-release-windows-x86_64, r-oldrel-macos-arm64, r-oldrel-macos-x86_64, r-oldrel-windows-x86_64

These binaries (installable software) and packages are in development.
They may not be fully stable and should be used with caution. We make no claims about them.