Last updated on 2024-07-27 15:50:11 CEST.
Flavor | Version | Tinstall | Tcheck | Ttotal | Status | Flags |
---|---|---|---|---|---|---|
r-devel-linux-x86_64-debian-clang | 1.0.1 | 862.23 | 433.43 | 1295.66 | NOTE | |
r-devel-linux-x86_64-debian-gcc | 1.0.1 | NOTE | ||||
r-devel-linux-x86_64-fedora-clang | 1.0.1 | 1548.96 | NOTE | |||
r-devel-linux-x86_64-fedora-gcc | 1.0.1 | 2062.95 | NOTE | |||
r-devel-windows-x86_64 | 1.0.1 | 610.00 | 408.00 | 1018.00 | NOTE | |
r-patched-linux-x86_64 | 1.0.1 | ERROR | ||||
r-release-linux-x86_64 | 1.0.1 | 618.84 | 478.60 | 1097.44 | NOTE | |
r-release-macos-arm64 | 1.0.1 | 420.00 | NOTE | |||
r-release-macos-x86_64 | 1.0.1 | 610.00 | NOTE | |||
r-release-windows-x86_64 | 1.0.1 | 628.00 | 404.00 | 1032.00 | NOTE | |
r-oldrel-macos-arm64 | 1.0.1 | 364.00 | NOTE | |||
r-oldrel-macos-x86_64 | 1.0.1 | 568.00 | NOTE | |||
r-oldrel-windows-x86_64 | 1.0.1 | 824.00 | 504.00 | 1328.00 | NOTE |
Version: 1.0.1
Check: for GNU extensions in Makefiles
Result: NOTE
GNU make is a SystemRequirements.
Flavors: r-devel-linux-x86_64-debian-clang, r-devel-linux-x86_64-debian-gcc, r-devel-linux-x86_64-fedora-clang, r-devel-linux-x86_64-fedora-gcc, r-devel-windows-x86_64, r-release-linux-x86_64, r-release-macos-arm64, r-release-macos-x86_64, r-release-windows-x86_64, r-oldrel-macos-arm64, r-oldrel-macos-x86_64, r-oldrel-windows-x86_64
Version: 1.0.1
Check: Rd cross-references
Result: NOTE
Found the following Rd file(s) with Rd \link{} targets missing package
anchors:
Holt.Rd: auto.arima
Hw.Rd: auto.arima
LocalLevel.Rd: auto.arima
autoplot.ts.Rd: geom_forecast, fortify
forecast.varstan.Rd: forecast.ts, ets, stlf
fourier.Rd: seasonaldummy
garch.Rd: auto.arima
loo.varstan.Rd: psis, pareto-k-diagnostic, loo_compare
ssm.Rd: auto.arima
stan_Holt.Rd: auto.arima
stan_Hw.Rd: auto.arima
stan_LocalLevel.Rd: auto.arima
stan_garch.Rd: auto.arima
stan_ssm.Rd: auto.arima
Please provide package anchors for all Rd \link{} targets not in the
package itself and the base packages.
Flavors: r-devel-linux-x86_64-debian-gcc, r-devel-windows-x86_64
Version: 1.0.1
Check: installed package size
Result: NOTE
installed size is 9.5Mb
sub-directories of 1Mb or more:
libs 8.0Mb
Flavors: r-devel-linux-x86_64-fedora-clang, r-devel-windows-x86_64, r-release-macos-arm64, r-release-macos-x86_64, r-release-windows-x86_64, r-oldrel-macos-arm64, r-oldrel-macos-x86_64, r-oldrel-windows-x86_64
Version: 1.0.1
Check: dependencies in R code
Result: NOTE
Namespaces in Imports field not imported from:
‘RcppParallel’ ‘StanHeaders’ ‘astsa’
All declared Imports should be used.
Flavors: r-devel-linux-x86_64-fedora-clang, r-devel-linux-x86_64-fedora-gcc
Version: 1.0.1
Check: package dependencies
Result: ERROR
Package required but not available: ‘prophet’
See section ‘The DESCRIPTION file’ in the ‘Writing R Extensions’
manual.
Flavor: r-patched-linux-x86_64
These binaries (installable software) and packages are in development.
They may not be fully stable and should be used with caution. We make no claims about them.