Last updated on 2025-05-08 04:51:59 CEST.
Flavor | Version | Tinstall | Tcheck | Ttotal | Status | Flags |
---|---|---|---|---|---|---|
r-devel-linux-x86_64-debian-clang | 0.1.5 | 78.19 | 156.28 | 234.47 | OK | |
r-devel-linux-x86_64-debian-gcc | 0.1.5 | 54.14 | 103.31 | 157.45 | OK | |
r-devel-linux-x86_64-fedora-clang | 0.1.5 | 391.81 | OK | |||
r-devel-linux-x86_64-fedora-gcc | 0.1.5 | 414.20 | OK | |||
r-devel-windows-x86_64 | 0.1.5 | 82.00 | 228.00 | 310.00 | OK | |
r-patched-linux-x86_64 | 0.1.5 | 76.97 | 135.65 | 212.62 | OK | |
r-release-linux-x86_64 | 0.1.5 | 75.20 | 135.55 | 210.75 | OK | |
r-release-macos-arm64 | 0.1.5 | 116.00 | OK | |||
r-release-macos-x86_64 | 0.1.5 | 227.00 | OK | |||
r-release-windows-x86_64 | 0.1.5 | 85.00 | 237.00 | 322.00 | OK | |
r-oldrel-macos-arm64 | 0.1.5 | 244.00 | NOTE | |||
r-oldrel-macos-x86_64 | 0.1.5 | 323.00 | NOTE | |||
r-oldrel-windows-x86_64 | 0.1.5 | 93.00 | 270.00 | 363.00 | OK |
Version: 0.1.5
Check: installed package size
Result: NOTE
installed size is 7.2Mb
sub-directories of 1Mb or more:
libs 6.6Mb
Flavors: r-oldrel-macos-arm64, r-oldrel-macos-x86_64
These binaries (installable software) and packages are in development.
They may not be fully stable and should be used with caution. We make no claims about them.