Last updated on 2025-05-01 14:49:04 CEST.
Flavor | Version | Tinstall | Tcheck | Ttotal | Status | Flags |
---|---|---|---|---|---|---|
r-devel-linux-x86_64-debian-clang | 0.1.0 | 2.59 | 33.33 | 35.92 | NOTE | |
r-devel-linux-x86_64-debian-gcc | 0.1.0 | 2.21 | 26.04 | 28.25 | NOTE | |
r-devel-linux-x86_64-fedora-clang | 0.1.0 | 56.89 | OK | |||
r-devel-linux-x86_64-fedora-gcc | 0.1.0 | 54.74 | OK | |||
r-devel-windows-x86_64 | 0.1.0 | 3.00 | 61.00 | 64.00 | OK | |
r-patched-linux-x86_64 | 0.1.0 | 2.77 | 32.52 | 35.29 | OK | |
r-release-linux-x86_64 | OK | |||||
r-release-macos-arm64 | 0.1.0 | 26.00 | OK | |||
r-release-macos-x86_64 | 0.1.0 | 45.00 | OK | |||
r-release-windows-x86_64 | 0.1.0 | 4.00 | 63.00 | 67.00 | OK | |
r-oldrel-macos-arm64 | 0.1.0 | 28.00 | OK | |||
r-oldrel-macos-x86_64 | 0.1.0 | 45.00 | OK | |||
r-oldrel-windows-x86_64 | 0.1.0 | 3.00 | 71.00 | 74.00 | OK |
Version: 0.1.0
Check: CRAN incoming feasibility
Result: NOTE
Maintainer: ‘Edwin Javier Castillo Carreño <edjcastilloca@unal.edu.co>’
No Authors@R field in DESCRIPTION.
Please add one, modifying
Authors@R: c(person(given = c("Edwin", "Javier", "Castillo"),
family = "Carreño",
role = c("aut", "cre"),
email = "edjcastilloca@unal.edu.co"),
person(given = c("Edilberto", "Cepeda"),
family = "Cuervo",
role = "aut"))
as necessary.
Flavors: r-devel-linux-x86_64-debian-clang, r-devel-linux-x86_64-debian-gcc
Version: 0.1.0
Check: examples
Result: NOTE
Examples with CPU (user + system) or elapsed time > 5s
user system elapsed
mharma11 4.074 0.005 5.04
Flavor: r-devel-linux-x86_64-debian-clang
These binaries (installable software) and packages are in development.
They may not be fully stable and should be used with caution. We make no claims about them.