Last updated on 2025-11-11 15:50:28 CET.
| Flavor | Version | Tinstall | Tcheck | Ttotal | Status | Flags |
|---|---|---|---|---|---|---|
| r-devel-linux-x86_64-debian-clang | 3.1-6 | 427.84 | 387.76 | 815.60 | WARN | |
| r-devel-linux-x86_64-debian-gcc | 3.1-6 | 264.17 | 218.74 | 482.91 | WARN | |
| r-devel-linux-x86_64-fedora-clang | 3.1-7 | 1500.00 | 122.05 | 1622.05 | OK | |
| r-devel-linux-x86_64-fedora-gcc | 3.1-7 | 1800.00 | -424.24 | 1375.76 | OK | |
| r-devel-windows-x86_64 | 3.1-6 | 471.00 | 396.00 | 867.00 | WARN | |
| r-patched-linux-x86_64 | 3.1-6 | 429.36 | 321.84 | 751.20 | WARN | |
| r-release-linux-x86_64 | 3.1-6 | 416.03 | 322.56 | 738.59 | WARN | |
| r-release-macos-arm64 | 3.1-7 | 145.00 | 184.00 | 329.00 | OK | |
| r-release-macos-x86_64 | 3.1-7 | 190.00 | 395.00 | 585.00 | OK | |
| r-release-windows-x86_64 | 3.1-6 | 463.00 | 403.00 | 866.00 | WARN | |
| r-oldrel-macos-arm64 | 3.1-7 | 152.00 | 175.00 | 327.00 | NOTE | |
| r-oldrel-macos-x86_64 | 3.1-7 | 152.00 | 450.00 | 602.00 | NOTE | |
| r-oldrel-windows-x86_64 | 3.1-6 | 547.00 | 507.00 | 1054.00 | WARN |
Version: 3.1-6
Check: CRAN incoming feasibility
Result: NOTE
Maintainer: ‘Peter Rossi <perossichi@gmail.com>’
No Authors@R field in DESCRIPTION.
Please add one, modifying
Authors@R: person(given = "Peter",
family = "Rossi",
role = c("aut", "cre"),
email = "perossichi@gmail.com")
as necessary.
Flavors: r-devel-linux-x86_64-debian-clang, r-devel-linux-x86_64-debian-gcc
Version: 3.1-6
Check: whether package can be installed
Result: WARN
Found the following significant warnings:
clusterMix_rcpp_loop.cpp:129:8: warning: 'min' is deprecated: use .index_min() instead [-Wdeprecated-declarations]
See ‘/home/hornik/tmp/R.check/r-devel-clang/Work/PKGS/bayesm.Rcheck/00install.out’ for details.
* used C++ compiler: ‘Debian clang version 19.1.7 (10)’
Flavor: r-devel-linux-x86_64-debian-clang
Version: 3.1-6
Check: whether package can be installed
Result: WARN
Found the following significant warnings:
clusterMix_rcpp_loop.cpp:129:11: warning: ‘eT arma::Mat<eT>::min(arma::uword&) const [with eT = double; arma::uword = unsigned int]’ is deprecated: use .index_min() instead [-Wdeprecated-declarations]
See ‘/home/hornik/tmp/R.check/r-devel-gcc/Work/PKGS/bayesm.Rcheck/00install.out’ for details.
* used C++ compiler: ‘g++-15 (Debian 15.2.0-7) 15.2.0’
Flavor: r-devel-linux-x86_64-debian-gcc
Version: 3.1-6
Check: whether package can be installed
Result: WARN
Found the following significant warnings:
clusterMix_rcpp_loop.cpp:129:11: warning: 'eT arma::Mat<eT>::min(arma::uword&) const [with eT = double; arma::uword = unsigned int]' is deprecated: use .index_min() instead [-Wdeprecated-declarations]
See 'd:/Rcompile/CRANpkg/local/4.6/bayesm.Rcheck/00install.out' for details.
* used C++ compiler: 'g++.exe (GCC) 14.3.0'
Flavor: r-devel-windows-x86_64
Version: 3.1-6
Check: whether package can be installed
Result: WARN
Found the following significant warnings:
clusterMix_rcpp_loop.cpp:129:11: warning: ‘eT arma::Mat<eT>::min(arma::uword&) const [with eT = double; arma::uword = unsigned int]’ is deprecated: use .index_min() instead [-Wdeprecated-declarations]
See ‘/home/hornik/tmp/R.check/r-patched-gcc/Work/PKGS/bayesm.Rcheck/00install.out’ for details.
* used C++ compiler: ‘g++-14 (Debian 14.3.0-10) 14.3.0’
Flavor: r-patched-linux-x86_64
Version: 3.1-6
Check: whether package can be installed
Result: WARN
Found the following significant warnings:
clusterMix_rcpp_loop.cpp:129:11: warning: ‘eT arma::Mat<eT>::min(arma::uword&) const [with eT = double; arma::uword = unsigned int]’ is deprecated: use .index_min() instead [-Wdeprecated-declarations]
See ‘/home/hornik/tmp/R.check/r-release-gcc/Work/PKGS/bayesm.Rcheck/00install.out’ for details.
* used C++ compiler: ‘g++-14 (Debian 14.3.0-10) 14.3.0’
Flavor: r-release-linux-x86_64
Version: 3.1-6
Check: whether package can be installed
Result: WARN
Found the following significant warnings:
clusterMix_rcpp_loop.cpp:129:11: warning: 'eT arma::Mat<eT>::min(arma::uword&) const [with eT = double; arma::uword = unsigned int]' is deprecated: use .index_min() instead [-Wdeprecated-declarations]
See 'd:/Rcompile/CRANpkg/local/4.5/bayesm.Rcheck/00install.out' for details.
* used C++ compiler: 'g++.exe (GCC) 14.3.0'
Flavor: r-release-windows-x86_64
Version: 3.1-7
Check: installed package size
Result: NOTE
installed size is 26.5Mb
sub-directories of 1Mb or more:
doc 2.9Mb
libs 22.1Mb
Flavors: r-oldrel-macos-arm64, r-oldrel-macos-x86_64
Version: 3.1-6
Check: whether package can be installed
Result: WARN
Found the following significant warnings:
clusterMix_rcpp_loop.cpp:129:11: warning: 'eT arma::Mat<eT>::min(arma::uword&) const [with eT = double; arma::uword = unsigned int]' is deprecated: use .index_min() instead [-Wdeprecated-declarations]
See 'd:/Rcompile/CRANpkg/local/4.4/bayesm.Rcheck/00install.out' for details.
* used C++ compiler: 'g++.exe (GCC) 13.3.0'
Flavor: r-oldrel-windows-x86_64
Version: 3.1-6
Check: installed package size
Result: NOTE
installed size is 6.6Mb
sub-directories of 1Mb or more:
doc 2.8Mb
libs 2.2Mb
Flavor: r-oldrel-windows-x86_64
These binaries (installable software) and packages are in development.
They may not be fully stable and should be used with caution. We make no claims about them.