Last updated on 2025-02-19 16:50:41 CET.
Flavor | Version | Tinstall | Tcheck | Ttotal | Status | Flags |
---|---|---|---|---|---|---|
r-devel-linux-x86_64-debian-clang | 3.1-6 | 436.38 | 399.29 | 835.67 | OK | |
r-devel-linux-x86_64-debian-gcc | 3.1-6 | 294.01 | 230.30 | 524.31 | OK | |
r-devel-linux-x86_64-fedora-clang | 3.1-6 | 1532.05 | OK | |||
r-devel-linux-x86_64-fedora-gcc | 3.1-6 | 1414.13 | OK | |||
r-devel-macos-arm64 | 3.1-6 | 304.00 | OK | |||
r-devel-macos-x86_64 | 3.1-6 | 419.00 | OK | |||
r-devel-windows-x86_64 | 3.1-6 | 413.00 | 404.00 | 817.00 | OK | |
r-patched-linux-x86_64 | 3.1-6 | 414.70 | 329.14 | 743.84 | OK | |
r-release-linux-x86_64 | 3.1-6 | 409.17 | 327.66 | 736.83 | OK | |
r-release-macos-arm64 | 3.1-6 | 276.00 | NOTE | |||
r-release-macos-x86_64 | 3.1-6 | 340.00 | NOTE | |||
r-release-windows-x86_64 | 3.1-6 | 416.00 | 407.00 | 823.00 | NOTE | |
r-oldrel-macos-arm64 | 3.1-6 | 338.00 | NOTE | |||
r-oldrel-macos-x86_64 | 3.1-6 | 594.00 | NOTE | |||
r-oldrel-windows-x86_64 | 3.1-6 | 518.00 | 518.00 | 1036.00 | NOTE |
Version: 3.1-6
Check: installed package size
Result: NOTE
installed size is 26.5Mb
sub-directories of 1Mb or more:
doc 2.8Mb
libs 22.1Mb
Flavors: r-release-macos-arm64, r-release-macos-x86_64, r-release-windows-x86_64, r-oldrel-macos-arm64, r-oldrel-macos-x86_64, r-oldrel-windows-x86_64
These binaries (installable software) and packages are in development.
They may not be fully stable and should be used with caution. We make no claims about them.