CRAN Package Check Results for Package bayesm

Last updated on 2025-05-28 21:49:59 CEST.

Flavor Version Tinstall Tcheck Ttotal Status Flags
r-devel-linux-x86_64-debian-clang 3.1-6 420.26 385.63 805.89 NOTE
r-devel-linux-x86_64-debian-gcc 3.1-6 293.33 218.82 512.15 NOTE
r-devel-linux-x86_64-fedora-clang 3.1-6 1509.68 OK
r-devel-linux-x86_64-fedora-gcc 3.1-6 1305.72 OK
r-devel-windows-x86_64 3.1-6 465.00 401.00 866.00 OK
r-patched-linux-x86_64 3.1-6 427.68 316.75 744.43 OK
r-release-linux-x86_64 3.1-6 424.48 322.13 746.61 OK
r-release-macos-arm64 3.1-6 330.00 OK
r-release-macos-x86_64 3.1-6 503.00 OK
r-release-windows-x86_64 3.1-6 466.00 432.00 898.00 OK
r-oldrel-macos-arm64 3.1-6 276.00 NOTE
r-oldrel-macos-x86_64 3.1-6 340.00 NOTE
r-oldrel-windows-x86_64 3.1-6 500.00 519.00 1019.00 NOTE

Check Details

Version: 3.1-6
Check: CRAN incoming feasibility
Result: NOTE Maintainer: ‘Peter Rossi <perossichi@gmail.com>’ No Authors@R field in DESCRIPTION. Please add one, modifying Authors@R: person(given = "Peter", family = "Rossi", role = c("aut", "cre"), email = "perossichi@gmail.com") as necessary. Flavors: r-devel-linux-x86_64-debian-clang, r-devel-linux-x86_64-debian-gcc

Version: 3.1-6
Check: installed package size
Result: NOTE installed size is 26.5Mb sub-directories of 1Mb or more: doc 2.8Mb libs 22.1Mb Flavors: r-oldrel-macos-arm64, r-oldrel-macos-x86_64, r-oldrel-windows-x86_64

These binaries (installable software) and packages are in development.
They may not be fully stable and should be used with caution. We make no claims about them.