Last updated on 2025-02-02 14:48:18 CET.
Flavor | Version | Tinstall | Tcheck | Ttotal | Status | Flags |
---|---|---|---|---|---|---|
r-devel-linux-x86_64-debian-clang | 3.4 | 13.21 | 134.41 | 147.62 | NOTE | |
r-devel-linux-x86_64-debian-gcc | 3.4 | 11.83 | 91.99 | 103.82 | NOTE | |
r-devel-linux-x86_64-fedora-clang | 3.4 | 266.86 | OK | |||
r-devel-linux-x86_64-fedora-gcc | 3.4 | 259.44 | OK | |||
r-devel-windows-x86_64 | 3.4 | 17.00 | 146.00 | 163.00 | NOTE | |
r-patched-linux-x86_64 | 3.4 | 18.04 | 125.39 | 143.43 | OK | |
r-release-linux-x86_64 | 3.4 | 15.48 | 125.30 | 140.78 | OK | |
r-release-macos-arm64 | 3.4 | 65.00 | OK | |||
r-release-macos-x86_64 | 3.4 | 105.00 | OK | |||
r-release-windows-x86_64 | 3.4 | 17.00 | 143.00 | 160.00 | OK | |
r-oldrel-macos-arm64 | 3.4 | 75.00 | OK | |||
r-oldrel-macos-x86_64 | 3.4 | 155.00 | OK | |||
r-oldrel-windows-x86_64 | 3.4 | 21.00 | 184.00 | 205.00 | OK |
Version: 3.4
Check: Rd cross-references
Result: NOTE
Found the following Rd file(s) with Rd \link{} targets missing package
anchors:
convolve.Rd: funnel
Please provide package anchors for all Rd \link{} targets not in the
package itself and the base packages.
Flavors: r-devel-linux-x86_64-debian-clang, r-devel-linux-x86_64-debian-gcc, r-devel-windows-x86_64
These binaries (installable software) and packages are in development.
They may not be fully stable and should be used with caution. We make no claims about them.