Last updated on 2025-04-16 05:48:54 CEST.
Flavor | Version | Tinstall | Tcheck | Ttotal | Status | Flags |
---|---|---|---|---|---|---|
r-devel-linux-x86_64-debian-clang | 3.4 | 16.72 | 135.48 | 152.20 | NOTE | |
r-devel-linux-x86_64-debian-gcc | 3.4 | 11.01 | 89.36 | 100.37 | NOTE | |
r-devel-linux-x86_64-fedora-clang | 3.4 | 242.22 | OK | |||
r-devel-linux-x86_64-fedora-gcc | 3.4 | 250.66 | OK | |||
r-devel-windows-x86_64 | 3.4 | 16.00 | 146.00 | 162.00 | NOTE | |
r-patched-linux-x86_64 | 3.4 | 18.06 | 129.16 | 147.22 | NOTE | |
r-release-linux-x86_64 | 3.4 | 16.49 | 130.69 | 147.18 | NOTE | |
r-release-macos-arm64 | 3.4 | 77.00 | OK | |||
r-release-macos-x86_64 | 3.4 | 157.00 | OK | |||
r-release-windows-x86_64 | 3.4 | 17.00 | 145.00 | 162.00 | NOTE | |
r-oldrel-macos-arm64 | 3.4 | 65.00 | OK | |||
r-oldrel-macos-x86_64 | 3.4 | 105.00 | OK | |||
r-oldrel-windows-x86_64 | 3.4 | 22.00 | 180.00 | 202.00 | OK |
Version: 3.4
Check: Rd cross-references
Result: NOTE
Found the following Rd file(s) with Rd \link{} targets missing package
anchors:
convolve.Rd: funnel
Please provide package anchors for all Rd \link{} targets not in the
package itself and the base packages.
Flavors: r-devel-linux-x86_64-debian-clang, r-devel-linux-x86_64-debian-gcc, r-devel-windows-x86_64, r-patched-linux-x86_64, r-release-linux-x86_64, r-release-windows-x86_64
These binaries (installable software) and packages are in development.
They may not be fully stable and should be used with caution. We make no claims about them.