Last updated on 2025-05-08 04:51:59 CEST.
Flavor | Version | Tinstall | Tcheck | Ttotal | Status | Flags |
---|---|---|---|---|---|---|
r-devel-linux-x86_64-debian-clang | 0.2.1 | 33.73 | 106.79 | 140.52 | NOTE | |
r-devel-linux-x86_64-debian-gcc | 0.2.1 | 24.06 | 71.58 | 95.64 | NOTE | |
r-devel-linux-x86_64-fedora-clang | 0.2.1 | 250.41 | NOTE | |||
r-devel-linux-x86_64-fedora-gcc | 0.2.1 | 230.27 | NOTE | |||
r-devel-windows-x86_64 | 0.2.1 | 46.00 | 137.00 | 183.00 | NOTE | |
r-patched-linux-x86_64 | 0.2.1 | 33.57 | 96.01 | 129.58 | NOTE | |
r-release-linux-x86_64 | 0.2.1 | 32.19 | 97.28 | 129.47 | NOTE | |
r-release-macos-arm64 | 0.2.1 | 59.00 | NOTE | |||
r-release-macos-x86_64 | 0.2.1 | 157.00 | NOTE | |||
r-release-windows-x86_64 | 0.2.1 | 44.00 | 139.00 | 183.00 | NOTE | |
r-oldrel-macos-arm64 | 0.2.1 | 59.00 | NOTE | |||
r-oldrel-macos-x86_64 | 0.2.1 | 83.00 | NOTE | |||
r-oldrel-windows-x86_64 | 0.2.1 | 50.00 | 169.00 | 219.00 | NOTE |
Version: 0.2.1
Check: CRAN incoming feasibility
Result: NOTE
Maintainer: ‘Joshua Cullen <joshcullen10@gmail.com>’
Package CITATION file contains call(s) to old-style personList() or
as.personList(). Please use c() on person objects instead.
Package CITATION file contains call(s) to old-style citEntry(). Please
use bibentry() instead.
Flavors: r-devel-linux-x86_64-debian-clang, r-devel-linux-x86_64-debian-gcc
Version: 0.2.1
Check: Rd files
Result: NOTE
checkRd: (-1) insert_NAs.Rd:22: Lost braces; missing escapes or markup?
22 | A data frame where new rows have been inserted to regularize the \code{date} column. This results in values provided for \code{id}, \code{date}, and {dt} while inserting NAs for all other columns. Additionally, observations with duplicate date-times are removed.
| ^
Flavors: r-devel-linux-x86_64-debian-clang, r-devel-linux-x86_64-debian-gcc, r-devel-linux-x86_64-fedora-clang, r-devel-linux-x86_64-fedora-gcc, r-devel-windows-x86_64, r-patched-linux-x86_64, r-release-linux-x86_64, r-release-macos-arm64, r-release-macos-x86_64, r-release-windows-x86_64, r-oldrel-macos-arm64, r-oldrel-macos-x86_64, r-oldrel-windows-x86_64
These binaries (installable software) and packages are in development.
They may not be fully stable and should be used with caution. We make no claims about them.