Last updated on 2025-05-01 12:49:23 CEST.
Flavor | Version | Tinstall | Tcheck | Ttotal | Status | Flags |
---|---|---|---|---|---|---|
r-devel-linux-x86_64-debian-clang | 2.1.3.0 | 28.06 | 210.10 | 238.16 | NOTE | |
r-devel-linux-x86_64-debian-gcc | 2.1.3.0 | 18.07 | 145.12 | 163.19 | OK | |
r-devel-linux-x86_64-fedora-clang | 2.1.3.0 | 362.41 | OK | |||
r-devel-linux-x86_64-fedora-gcc | 2.1.3.0 | 354.10 | OK | |||
r-devel-windows-x86_64 | 2.1.3.0 | 25.00 | 213.00 | 238.00 | OK | |
r-patched-linux-x86_64 | 2.1.3.0 | 26.68 | 197.93 | 224.61 | OK | |
r-release-linux-x86_64 | OK | |||||
r-release-macos-arm64 | 2.1.3.0 | 106.00 | OK | |||
r-release-macos-x86_64 | 2.1.3.0 | 345.00 | OK | |||
r-release-windows-x86_64 | 2.1.3.0 | 27.00 | 216.00 | 243.00 | OK | |
r-oldrel-macos-arm64 | 2.1.3.0 | 110.00 | NOTE | |||
r-oldrel-macos-x86_64 | 2.1.3.0 | 344.00 | NOTE | |||
r-oldrel-windows-x86_64 | 2.1.3.0 | 34.00 | 270.00 | 304.00 | NOTE |
Version: 2.1.3.0
Check: examples
Result: NOTE
Examples with CPU (user + system) or elapsed time > 5s
user system elapsed
amend 8.304 0.272 10.58
Flavor: r-devel-linux-x86_64-debian-clang
Version: 2.1.3.0
Check: examples
Result: NA
user system elapsed
amend 5.843 0.418 6.666
OK
Flavor: r-devel-linux-x86_64-debian-gcc
Version: 2.1.3.0
Check: installed package size
Result: NOTE
installed size is 5.3Mb
sub-directories of 1Mb or more:
data 3.7Mb
Flavors: r-oldrel-macos-arm64, r-oldrel-macos-x86_64, r-oldrel-windows-x86_64
These binaries (installable software) and packages are in development.
They may not be fully stable and should be used with caution. We make no claims about them.