Last updated on 2025-02-16 10:50:42 CET.
Flavor | Version | Tinstall | Tcheck | Ttotal | Status | Flags |
---|---|---|---|---|---|---|
r-devel-linux-x86_64-debian-clang | 2.1.3.0 | 25.16 | 200.53 | 225.69 | OK | |
r-devel-linux-x86_64-debian-gcc | 2.1.3.0 | 21.48 | 139.97 | 161.45 | OK | |
r-devel-linux-x86_64-fedora-clang | 2.1.3.0 | 367.50 | OK | |||
r-devel-linux-x86_64-fedora-gcc | 2.1.3.0 | 350.92 | OK | |||
r-devel-macos-arm64 | 2.1.3.0 | 108.00 | OK | |||
r-devel-macos-x86_64 | 2.1.3.0 | 345.00 | OK | |||
r-devel-windows-x86_64 | 2.1.3.0 | 24.00 | 198.00 | 222.00 | OK | |
r-patched-linux-x86_64 | 2.1.3.0 | 26.16 | 186.83 | 212.99 | OK | |
r-release-linux-x86_64 | 2.1.3.0 | 21.32 | 187.68 | 209.00 | OK | |
r-release-macos-arm64 | 2.1.3.0 | 110.00 | NOTE | |||
r-release-macos-x86_64 | 2.1.3.0 | 344.00 | NOTE | |||
r-release-windows-x86_64 | 2.1.3.0 | 25.00 | 204.00 | 229.00 | NOTE | |
r-oldrel-macos-arm64 | 2.1.3.0 | 142.00 | NOTE | |||
r-oldrel-macos-x86_64 | 2.1.3.0 | 222.00 | NOTE | |||
r-oldrel-windows-x86_64 | 2.1.3.0 | 37.00 | 279.00 | 316.00 | NOTE |
Version: 2.1.3.0
Check: installed package size
Result: NOTE
installed size is 5.3Mb
sub-directories of 1Mb or more:
data 3.7Mb
Flavors: r-release-macos-arm64, r-release-macos-x86_64, r-release-windows-x86_64, r-oldrel-macos-arm64, r-oldrel-macos-x86_64, r-oldrel-windows-x86_64
These binaries (installable software) and packages are in development.
They may not be fully stable and should be used with caution. We make no claims about them.