Last updated on 2025-07-24 03:49:54 CEST.
Flavor | Version | Tinstall | Tcheck | Ttotal | Status | Flags |
---|---|---|---|---|---|---|
r-devel-linux-x86_64-debian-clang | 0.9.3 | 3.41 | 98.81 | 102.22 | NOTE | |
r-devel-linux-x86_64-debian-gcc | 0.9.3 | 2.89 | 70.45 | 73.34 | NOTE | |
r-devel-linux-x86_64-fedora-clang | 0.9.3 | 158.93 | NOTE | |||
r-devel-linux-x86_64-fedora-gcc | 0.9.3 | 166.61 | NOTE | |||
r-devel-windows-x86_64 | 0.9.3 | 5.00 | 100.00 | 105.00 | NOTE | |
r-patched-linux-x86_64 | 0.9.3 | 3.07 | 93.11 | 96.18 | NOTE | |
r-release-linux-x86_64 | 0.9.3 | 3.47 | 92.61 | 96.08 | NOTE | |
r-release-macos-arm64 | 0.9.3 | 55.00 | NOTE | |||
r-release-macos-x86_64 | 0.9.3 | 130.00 | NOTE | |||
r-release-windows-x86_64 | 0.9.3 | 7.00 | 102.00 | 109.00 | NOTE | |
r-oldrel-macos-arm64 | 0.9.3 | 57.00 | OK | |||
r-oldrel-macos-x86_64 | 0.9.3 | 96.00 | OK | |||
r-oldrel-windows-x86_64 | 0.9.3 | 7.00 | 130.00 | 137.00 | OK |
Version: 0.9.3
Check: DESCRIPTION meta-information
Result: NOTE
Missing dependency on R >= 4.1.0 because package code uses the pipe
|> or function shorthand \(...) syntax added in R 4.1.0.
File(s) using such syntax:
‘helper_functions.R’
Flavors: r-devel-linux-x86_64-debian-clang, r-devel-linux-x86_64-debian-gcc, r-devel-linux-x86_64-fedora-clang, r-devel-linux-x86_64-fedora-gcc, r-devel-windows-x86_64, r-patched-linux-x86_64, r-release-linux-x86_64, r-release-macos-arm64, r-release-macos-x86_64, r-release-windows-x86_64
These binaries (installable software) and packages are in development.
They may not be fully stable and should be used with caution. We make no claims about them.