CRAN Package Check Results for Package bayesplay

Last updated on 2025-11-13 17:50:28 CET.

Flavor Version Tinstall Tcheck Ttotal Status Flags
r-devel-linux-x86_64-debian-clang 0.9.3 3.67 107.08 110.75 NOTE
r-devel-linux-x86_64-debian-gcc 0.9.3 2.99 76.81 79.80 NOTE
r-devel-linux-x86_64-fedora-clang 0.9.3 17.00 165.34 182.34 NOTE
r-devel-linux-x86_64-fedora-gcc 0.9.3 16.00 172.82 188.82 NOTE
r-devel-windows-x86_64 0.9.3 7.00 104.00 111.00 NOTE
r-patched-linux-x86_64 0.9.3 4.16 100.58 104.74 NOTE
r-release-linux-x86_64 0.9.3 3.81 101.81 105.62 NOTE
r-release-macos-arm64 0.9.3 2.00 53.00 55.00 NOTE
r-release-macos-x86_64 0.9.3 6.00 124.00 130.00 NOTE
r-release-windows-x86_64 0.9.3 6.00 105.00 111.00 NOTE
r-oldrel-macos-arm64 0.9.3 2.00 55.00 57.00 OK
r-oldrel-macos-x86_64 0.9.3 4.00 92.00 96.00 OK
r-oldrel-windows-x86_64 0.9.3 8.00 137.00 145.00 OK

Check Details

Version: 0.9.3
Check: DESCRIPTION meta-information
Result: NOTE Missing dependency on R >= 4.1.0 because package code uses the pipe |> or function shorthand \(...) syntax added in R 4.1.0. File(s) using such syntax: ‘helper_functions.R’ Flavors: r-devel-linux-x86_64-debian-clang, r-devel-linux-x86_64-debian-gcc, r-devel-linux-x86_64-fedora-clang, r-devel-linux-x86_64-fedora-gcc, r-devel-windows-x86_64, r-patched-linux-x86_64, r-release-linux-x86_64, r-release-macos-arm64, r-release-macos-x86_64, r-release-windows-x86_64

These binaries (installable software) and packages are in development.
They may not be fully stable and should be used with caution. We make no claims about them.