CRAN Package Check Results for Package bayesreg

Last updated on 2025-05-01 08:52:27 CEST.

Flavor Version Tinstall Tcheck Ttotal Status Flags
r-devel-linux-x86_64-debian-clang 1.3 5.37 38.76 44.13 NOTE
r-devel-linux-x86_64-debian-gcc 1.3 3.35 29.34 32.69 OK
r-devel-linux-x86_64-fedora-clang 1.3 66.97 OK
r-devel-linux-x86_64-fedora-gcc 1.3 65.76 OK
r-devel-windows-x86_64 1.3 6.00 68.00 74.00 OK
r-patched-linux-x86_64 1.3 4.87 36.91 41.78 OK
r-release-linux-x86_64 OK
r-release-macos-arm64 1.3 28.00 OK
r-release-macos-x86_64 1.3 52.00 OK
r-release-windows-x86_64 1.3 6.00 76.00 82.00 OK
r-oldrel-macos-arm64 1.3 26.00 OK
r-oldrel-macos-x86_64 1.3 61.00 OK
r-oldrel-windows-x86_64 1.3 8.00 74.00 82.00 OK

Check Details

Version: 1.3
Check: examples
Result: NOTE Examples with CPU (user + system) or elapsed time > 5s user system elapsed predict.bayesreg 1.504 0.217 6.140 bayesreg 0.602 0.054 6.932 Flavor: r-devel-linux-x86_64-debian-clang

Version: 1.3
Check: examples
Result: NA user system elapsed predict.bayesreg 0.997 0.273 5.486 bayesreg 0.488 0.029 6.082 OK Flavor: r-devel-linux-x86_64-debian-gcc

These binaries (installable software) and packages are in development.
They may not be fully stable and should be used with caution. We make no claims about them.