Last updated on 2025-11-11 15:50:28 CET.
| Flavor | Version | Tinstall | Tcheck | Ttotal | Status | Flags |
|---|---|---|---|---|---|---|
| r-devel-linux-x86_64-debian-clang | 0.0.2 | 23.14 | 277.80 | 300.94 | NOTE | |
| r-devel-linux-x86_64-debian-gcc | 0.0.2 | 21.54 | 194.27 | 215.81 | NOTE | |
| r-devel-linux-x86_64-fedora-clang | 0.0.2 | 103.00 | 415.60 | 518.60 | NOTE | |
| r-devel-linux-x86_64-fedora-gcc | 0.0.2 | 90.00 | 396.98 | 486.98 | NOTE | |
| r-devel-windows-x86_64 | 0.0.2 | 31.00 | 247.00 | 278.00 | NOTE | |
| r-patched-linux-x86_64 | 0.0.2 | 23.97 | 267.26 | 291.23 | NOTE | |
| r-release-linux-x86_64 | 0.0.2 | 23.66 | 267.17 | 290.83 | NOTE | |
| r-release-macos-arm64 | 0.0.2 | 12.00 | 99.00 | 111.00 | NOTE | |
| r-release-macos-x86_64 | 0.0.2 | 29.00 | 215.00 | 244.00 | NOTE | |
| r-release-windows-x86_64 | 0.0.2 | 31.00 | 245.00 | 276.00 | NOTE | |
| r-oldrel-macos-arm64 | 0.0.2 | 11.00 | 98.00 | 109.00 | NOTE | |
| r-oldrel-macos-x86_64 | 0.0.2 | 17.00 | 146.00 | 163.00 | NOTE | |
| r-oldrel-windows-x86_64 | 0.0.2 | 34.00 | 328.00 | 362.00 | NOTE |
Version: 0.0.2
Check: package subdirectories
Result: NOTE
Problems with news in ‘NEWS.md’:
No news entries found.
Flavors: r-devel-linux-x86_64-debian-clang, r-devel-linux-x86_64-debian-gcc, r-devel-linux-x86_64-fedora-clang, r-devel-linux-x86_64-fedora-gcc, r-devel-windows-x86_64, r-patched-linux-x86_64, r-release-linux-x86_64, r-release-macos-arm64, r-release-macos-x86_64, r-release-windows-x86_64, r-oldrel-macos-arm64, r-oldrel-macos-x86_64, r-oldrel-windows-x86_64
Version: 0.0.2
Check: Rd files
Result: NOTE
checkRd: (-1) pulse_of_the_nation.Rd:10: Escaped LaTeX specials: \$
Flavors: r-devel-linux-x86_64-debian-clang, r-devel-linux-x86_64-debian-gcc, r-devel-linux-x86_64-fedora-clang, r-devel-linux-x86_64-fedora-gcc, r-devel-windows-x86_64, r-patched-linux-x86_64, r-release-linux-x86_64, r-release-macos-arm64, r-release-macos-x86_64, r-release-windows-x86_64, r-oldrel-macos-arm64, r-oldrel-macos-x86_64, r-oldrel-windows-x86_64
These binaries (installable software) and packages are in development.
They may not be fully stable and should be used with caution. We make no claims about them.